Last updated on 2025-02-21 02:52:21 CET.
Flavor | Version | Tinstall | Tcheck | Ttotal | Status | Flags |
---|---|---|---|---|---|---|
r-devel-linux-x86_64-debian-clang | 3.8.0 | 14.40 | 214.53 | 228.93 | NOTE | |
r-devel-linux-x86_64-debian-gcc | 3.8.0 | 11.09 | 152.57 | 163.66 | NOTE | |
r-devel-linux-x86_64-fedora-clang | 3.8.0 | 333.81 | NOTE | |||
r-devel-linux-x86_64-fedora-gcc | 3.8.0 | 332.76 | NOTE | |||
r-devel-macos-arm64 | 3.8.0 | 137.00 | NOTE | |||
r-devel-macos-x86_64 | 3.8.0 | 223.00 | NOTE | |||
r-devel-windows-x86_64 | 3.8.0 | 15.00 | 206.00 | 221.00 | NOTE | |
r-patched-linux-x86_64 | 3.8.0 | 13.97 | 189.78 | 203.75 | NOTE | |
r-release-linux-x86_64 | 3.8.0 | 11.84 | 189.45 | 201.29 | NOTE | |
r-release-macos-arm64 | 3.8.0 | 130.00 | NOTE | |||
r-release-macos-x86_64 | 3.8.0 | 185.00 | NOTE | |||
r-release-windows-x86_64 | 3.8.0 | 15.00 | 207.00 | 222.00 | NOTE | |
r-oldrel-macos-arm64 | 3.8.0 | 142.00 | OK | |||
r-oldrel-macos-x86_64 | 3.8.0 | 213.00 | OK | |||
r-oldrel-windows-x86_64 | 3.8.0 | 18.00 | 254.00 | 272.00 | OK |
Version: 3.8.0
Check: Rd files
Result: NOTE
checkRd: (-1) MLM_Model.Rd:31: Lost braces; missing escapes or markup?
31 | the weight vectors \bold{{w}^{i}} corresponds to class \eqn{i}{i}.
| ^
checkRd: (-1) MLM_Model.Rd:33: Lost braces; missing escapes or markup?
33 | We set \eqn{{\bold{{w}}^{h}} = 0} and the parameters to be learned are the weight vectors \bold{{w}^{i}}
| ^
Flavors: r-devel-linux-x86_64-debian-clang, r-devel-linux-x86_64-debian-gcc, r-devel-linux-x86_64-fedora-clang, r-devel-linux-x86_64-fedora-gcc, r-devel-macos-arm64, r-devel-macos-x86_64, r-devel-windows-x86_64, r-patched-linux-x86_64, r-release-linux-x86_64, r-release-macos-arm64, r-release-macos-x86_64, r-release-windows-x86_64