Last updated on 2025-05-29 02:50:57 CEST.
Flavor | Version | Tinstall | Tcheck | Ttotal | Status | Flags |
---|---|---|---|---|---|---|
r-devel-linux-x86_64-debian-clang | 1.0-6 | 3.30 | 44.50 | 47.80 | NOTE | |
r-devel-linux-x86_64-debian-gcc | 1.0-6 | 2.47 | 32.78 | 35.25 | NOTE | |
r-devel-linux-x86_64-fedora-clang | 1.0-6 | 74.36 | OK | |||
r-devel-linux-x86_64-fedora-gcc | 1.0-6 | 83.93 | OK | |||
r-devel-windows-x86_64 | 1.0-6 | 4.00 | 76.00 | 80.00 | OK | |
r-patched-linux-x86_64 | 1.0-6 | 2.96 | 42.22 | 45.18 | OK | |
r-release-linux-x86_64 | 1.0-6 | 2.98 | 41.86 | 44.84 | OK | |
r-release-macos-arm64 | 1.0-6 | 34.00 | OK | |||
r-release-macos-x86_64 | 1.0-6 | 59.00 | OK | |||
r-release-windows-x86_64 | 1.0-6 | 4.00 | 75.00 | 79.00 | OK | |
r-oldrel-macos-arm64 | 1.0-6 | 40.00 | OK | |||
r-oldrel-macos-x86_64 | 1.0-6 | 45.00 | OK | |||
r-oldrel-windows-x86_64 | 1.0-6 | 4.00 | 84.00 | 88.00 | OK |
Version: 1.0-6
Check: CRAN incoming feasibility
Result: NOTE
Maintainer: ‘"Mark C. Wheldon" <biostatmark@gmail.com>’
No Authors@R field in DESCRIPTION.
Please add one, modifying
Authors@R: c(person(given = c("Mark", "C."),
family = "Wheldon",
role = "aut"),
person(given = c("\"Mark", "C."),
family = "Wheldon\"",
role = "cre",
email = "biostatmark@gmail.com"))
as necessary.
Flavors: r-devel-linux-x86_64-debian-clang, r-devel-linux-x86_64-debian-gcc