Last updated on 2025-02-21 02:52:21 CET.
Flavor | Version | Tinstall | Tcheck | Ttotal | Status | Flags |
---|---|---|---|---|---|---|
r-devel-linux-x86_64-debian-clang | 0.1.3 | 8.62 | 91.27 | 99.89 | OK | |
r-devel-linux-x86_64-debian-gcc | 0.1.3 | 5.59 | 65.60 | 71.19 | OK | |
r-devel-linux-x86_64-fedora-clang | 0.1.3 | 164.86 | OK | |||
r-devel-linux-x86_64-fedora-gcc | 0.1.3 | 169.96 | OK | |||
r-devel-macos-arm64 | 0.1.3 | 54.00 | OK | |||
r-devel-macos-x86_64 | 0.1.3 | 103.00 | OK | |||
r-devel-windows-x86_64 | 0.1.3 | 10.00 | 107.00 | 117.00 | OK | |
r-patched-linux-x86_64 | 0.1.3 | 8.76 | 86.22 | 94.98 | OK | |
r-release-linux-x86_64 | 0.1.3 | 7.87 | 87.89 | 95.76 | OK | |
r-release-macos-arm64 | 0.1.3 | 50.00 | OK | |||
r-release-macos-x86_64 | 0.1.3 | 80.00 | OK | |||
r-release-windows-x86_64 | 0.1.3 | 10.00 | 105.00 | 115.00 | OK | |
r-oldrel-macos-arm64 | 0.1.3 | 53.00 | OK | |||
r-oldrel-macos-x86_64 | 0.1.3 | 82.00 | NOTE | |||
r-oldrel-windows-x86_64 | 0.1.3 | 12.00 | 138.00 | 150.00 | OK |
Version: 0.1.3
Check: package dependencies
Result: NOTE
Package suggested but not available for checking: ‘lme4’
Flavor: r-oldrel-macos-x86_64