CRAN Package Check Results for Package postinfectious

Last updated on 2025-02-18 02:50:45 CET.

Flavor Version Tinstall Tcheck Ttotal Status Flags
r-devel-linux-x86_64-debian-clang 0.1.0 1.63 23.34 24.97 OK
r-devel-linux-x86_64-debian-gcc 0.1.0 1.35 18.09 19.44 OK
r-devel-linux-x86_64-fedora-clang 0.1.0 41.37 OK
r-devel-linux-x86_64-fedora-gcc 0.1.0 38.51 OK
r-devel-macos-arm64 0.1.0 16.00 OK
r-devel-macos-x86_64 0.1.0 27.00 OK
r-devel-windows-x86_64 0.1.0 2.00 53.00 55.00 OK
r-patched-linux-x86_64 0.1.0 1.49 22.61 24.10 NOTE
r-release-linux-x86_64 0.1.0 1.48 22.30 23.78 NOTE
r-release-macos-arm64 0.1.0 17.00 NOTE
r-release-macos-x86_64 0.1.0 24.00 NOTE
r-release-windows-x86_64 0.1.0 2.00 46.00 48.00 NOTE
r-oldrel-macos-arm64 0.1.0 18.00 NOTE
r-oldrel-macos-x86_64 0.1.0 23.00 NOTE
r-oldrel-windows-x86_64 0.1.0 6.00 48.00 54.00 NOTE

Check Details

Version: 0.1.0
Check: LazyData
Result: NOTE 'LazyData' is specified without a 'data' directory Flavors: r-patched-linux-x86_64, r-release-linux-x86_64, r-release-macos-arm64, r-release-macos-x86_64, r-release-windows-x86_64, r-oldrel-macos-arm64, r-oldrel-macos-x86_64, r-oldrel-windows-x86_64