CRAN Package Check Results for Package postlogic

Last updated on 2025-02-18 02:50:45 CET.

Flavor Version Tinstall Tcheck Ttotal Status Flags
r-devel-linux-x86_64-debian-clang 0.1.0.1 1.60 16.99 18.59 OK
r-devel-linux-x86_64-debian-gcc 0.1.0.1 1.29 14.21 15.50 OK
r-devel-linux-x86_64-fedora-clang 0.1.0.1 30.17 OK
r-devel-linux-x86_64-fedora-gcc 0.1.0.1 28.26 OK
r-devel-macos-arm64 0.1.0.1 14.00 OK
r-devel-macos-x86_64 0.1.0.1 23.00 OK
r-devel-windows-x86_64 0.1.0.1 2.00 47.00 49.00 OK
r-patched-linux-x86_64 0.1.0.1 1.46 16.33 17.79 NOTE
r-release-linux-x86_64 0.1.0.1 1.36 16.11 17.47 NOTE
r-release-macos-arm64 0.1.0.1 16.00 NOTE
r-release-macos-x86_64 0.1.0.1 21.00 NOTE
r-release-windows-x86_64 0.1.0.1 3.00 45.00 48.00 NOTE
r-oldrel-macos-arm64 0.1.0.1 17.00 NOTE
r-oldrel-macos-x86_64 0.1.0.1 19.00 NOTE
r-oldrel-windows-x86_64 0.1.0.1 2.00 75.00 77.00 NOTE

Check Details

Version: 0.1.0.1
Check: LazyData
Result: NOTE 'LazyData' is specified without a 'data' directory Flavors: r-patched-linux-x86_64, r-release-linux-x86_64, r-release-macos-arm64, r-release-macos-x86_64, r-release-windows-x86_64, r-oldrel-macos-arm64, r-oldrel-macos-x86_64, r-oldrel-windows-x86_64