Last updated on 2025-05-13 02:51:01 CEST.
Flavor | Version | Tinstall | Tcheck | Ttotal | Status | Flags |
---|---|---|---|---|---|---|
r-devel-linux-x86_64-debian-clang | 1.0.1 | 31.13 | 209.85 | 240.98 | NOTE | |
r-devel-linux-x86_64-debian-gcc | 1.0.1 | 25.44 | 144.19 | 169.63 | NOTE | |
r-devel-linux-x86_64-fedora-clang | 1.0.1 | 371.64 | OK | |||
r-devel-linux-x86_64-fedora-gcc | 1.0.1 | 374.80 | OK | |||
r-devel-windows-x86_64 | 1.0.1 | 30.00 | 196.00 | 226.00 | NOTE | |
r-patched-linux-x86_64 | 1.0.1 | 29.11 | 193.33 | 222.44 | NOTE | |
r-release-linux-x86_64 | 1.0.1 | 27.81 | 194.74 | 222.55 | NOTE | |
r-release-macos-arm64 | 1.0.1 | 90.00 | OK | |||
r-release-macos-x86_64 | 1.0.1 | 204.00 | OK | |||
r-release-windows-x86_64 | 1.0.1 | 28.00 | 196.00 | 224.00 | NOTE | |
r-oldrel-macos-arm64 | 1.0.1 | 91.00 | OK | |||
r-oldrel-macos-x86_64 | 1.0.1 | 149.00 | OK | |||
r-oldrel-windows-x86_64 | 1.0.1 | 39.00 | 246.00 | 285.00 | OK |
Version: 1.0.1
Check: Rd cross-references
Result: NOTE
Found the following Rd file(s) with Rd \link{} targets missing package
anchors:
ebp.Rd: nlme
write.excel.Rd: openxlsx
Please provide package anchors for all Rd \link{} targets not in the
package itself and the base packages.
Flavors: r-devel-linux-x86_64-debian-clang, r-devel-linux-x86_64-debian-gcc, r-devel-windows-x86_64, r-patched-linux-x86_64, r-release-linux-x86_64, r-release-windows-x86_64