CRAN Package Check Results for Package powerbydesign

Last updated on 2025-02-21 02:52:21 CET.

Flavor Version Tinstall Tcheck Ttotal Status Flags
r-devel-linux-x86_64-debian-clang 1.0.5 1.59 23.48 25.07 OK
r-devel-linux-x86_64-debian-gcc 1.0.5 1.49 18.45 19.94 OK
r-devel-linux-x86_64-fedora-clang 1.0.5 40.53 OK
r-devel-linux-x86_64-fedora-gcc 1.0.5 37.65 OK
r-devel-macos-arm64 1.0.5 18.00 OK
r-devel-macos-x86_64 1.0.5 29.00 OK
r-devel-windows-x86_64 1.0.5 4.00 56.00 60.00 OK
r-patched-linux-x86_64 1.0.5 1.85 21.87 23.72 NOTE
r-release-linux-x86_64 1.0.5 1.73 21.84 23.57 NOTE
r-release-macos-arm64 1.0.5 19.00 NOTE
r-release-macos-x86_64 1.0.5 27.00 NOTE
r-release-windows-x86_64 1.0.5 4.00 51.00 55.00 NOTE
r-oldrel-macos-arm64 1.0.5 19.00 NOTE
r-oldrel-macos-x86_64 1.0.5 23.00 NOTE
r-oldrel-windows-x86_64 1.0.5 4.00 49.00 53.00 NOTE

Check Details

Version: 1.0.5
Check: LazyData
Result: NOTE 'LazyData' is specified without a 'data' directory Flavors: r-patched-linux-x86_64, r-release-linux-x86_64, r-release-macos-arm64, r-release-macos-x86_64, r-release-windows-x86_64, r-oldrel-macos-arm64, r-oldrel-macos-x86_64, r-oldrel-windows-x86_64