Last updated on 2025-02-21 02:52:21 CET.
Flavor | Version | Tinstall | Tcheck | Ttotal | Status | Flags |
---|---|---|---|---|---|---|
r-devel-linux-x86_64-debian-clang | 1.3 | 29.57 | 86.08 | 115.65 | NOTE | |
r-devel-linux-x86_64-debian-gcc | 1.3 | 20.89 | 55.60 | 76.49 | NOTE | |
r-devel-linux-x86_64-fedora-clang | 1.3 | 190.05 | OK | |||
r-devel-linux-x86_64-fedora-gcc | 1.3 | 185.81 | OK | |||
r-devel-macos-arm64 | 1.3 | 57.00 | OK | |||
r-devel-macos-x86_64 | 1.3 | 102.00 | OK | |||
r-devel-windows-x86_64 | 1.3 | 34.00 | 105.00 | 139.00 | NOTE | |
r-patched-linux-x86_64 | 1.3 | 34.71 | 75.07 | 109.78 | OK | |
r-release-linux-x86_64 | 1.3 | 30.26 | 74.69 | 104.95 | OK | |
r-release-macos-arm64 | 1.3 | 57.00 | OK | |||
r-release-macos-x86_64 | 1.3 | 81.00 | NOTE | |||
r-release-windows-x86_64 | 1.3 | 36.00 | 104.00 | 140.00 | OK | |
r-oldrel-macos-arm64 | 1.3 | 61.00 | OK | |||
r-oldrel-macos-x86_64 | 1.3 | 182.00 | NOTE | |||
r-oldrel-windows-x86_64 | 1.3 | 44.00 | 126.00 | 170.00 | OK |
Version: 1.3
Check: Rd cross-references
Result: NOTE
Found the following Rd file(s) with Rd \link{} targets missing package
anchors:
plot.ppgmmga.Rd: ggplot
ppgmmga.Rd: densityMclust, ga, gaisl
ppgmmga.options.Rd: ga_Selection, ga_Crossover, ga_Mutation
Please provide package anchors for all Rd \link{} targets not in the
package itself and the base packages.
Flavors: r-devel-linux-x86_64-debian-clang, r-devel-linux-x86_64-debian-gcc, r-devel-windows-x86_64
Version: 1.3
Check: installed package size
Result: NOTE
installed size is 5.0Mb
sub-directories of 1Mb or more:
libs 3.3Mb
Flavors: r-release-macos-x86_64, r-oldrel-macos-x86_64