Last updated on 2025-02-21 02:52:21 CET.
Flavor | Version | Tinstall | Tcheck | Ttotal | Status | Flags |
---|---|---|---|---|---|---|
r-devel-linux-x86_64-debian-clang | 1.1.0 | 116.75 | 34.66 | 151.41 | OK | |
r-devel-linux-x86_64-debian-gcc | 1.1.0 | 78.25 | 25.41 | 103.66 | OK | |
r-devel-linux-x86_64-fedora-clang | 1.1.0 | 292.10 | OK | |||
r-devel-linux-x86_64-fedora-gcc | 1.1.0 | 298.81 | OK | |||
r-devel-macos-arm64 | 1.0.5 | 42.00 | OK | |||
r-devel-macos-x86_64 | 1.1.0 | 83.00 | OK | |||
r-devel-windows-x86_64 | 1.0.5 | 104.00 | 72.00 | 176.00 | OK | |
r-patched-linux-x86_64 | 1.1.0 | 111.13 | 32.32 | 143.45 | OK | |
r-release-linux-x86_64 | 1.1.0 | 110.19 | 32.02 | 142.21 | OK | |
r-release-macos-arm64 | 1.0.5 | 46.00 | OK | |||
r-release-macos-x86_64 | 1.1.0 | 97.00 | NOTE | |||
r-release-windows-x86_64 | 1.1.0 | 114.00 | 72.00 | 186.00 | OK | |
r-oldrel-macos-arm64 | 1.0.3 | 43.00 | OK | |||
r-oldrel-macos-x86_64 | 1.1.0 | 95.00 | NOTE | |||
r-oldrel-windows-x86_64 | 1.1.0 | 131.00 | 90.00 | 221.00 | OK |
Version: 1.1.0
Check: installed package size
Result: NOTE
installed size is 6.0Mb
sub-directories of 1Mb or more:
libs 5.9Mb
Flavors: r-release-macos-x86_64, r-oldrel-macos-x86_64