Last updated on 2025-05-15 02:50:17 CEST.
Flavor | Version | Tinstall | Tcheck | Ttotal | Status | Flags |
---|---|---|---|---|---|---|
r-devel-linux-x86_64-debian-clang | 0.2.5 | 46.74 | 412.30 | 459.04 | OK | |
r-devel-linux-x86_64-debian-gcc | 0.2.5 | 31.74 | 282.47 | 314.21 | OK | |
r-devel-linux-x86_64-fedora-clang | 0.2.5 | 720.23 | OK | |||
r-devel-linux-x86_64-fedora-gcc | 0.2.5 | 684.40 | OK | |||
r-devel-windows-x86_64 | 0.2.5 | 42.00 | 307.00 | 349.00 | OK | |
r-patched-linux-x86_64 | 0.2.5 | 38.88 | 373.59 | 412.47 | OK | |
r-release-linux-x86_64 | 0.2.5 | 42.66 | 380.04 | 422.70 | OK | |
r-release-macos-arm64 | 0.2.5 | 148.00 | OK | |||
r-release-macos-x86_64 | 0.2.5 | 465.00 | OK | |||
r-release-windows-x86_64 | 0.2.5 | 40.00 | 312.00 | 352.00 | OK | |
r-oldrel-macos-arm64 | 0.2.5 | 144.00 | NOTE | |||
r-oldrel-macos-x86_64 | 0.2.5 | 524.00 | NOTE | |||
r-oldrel-windows-x86_64 | 0.2.5 | 60.00 | 424.00 | 484.00 | NOTE |
Version: 0.2.5
Check: installed package size
Result: NOTE
installed size is 10.1Mb
sub-directories of 1Mb or more:
extdata 9.7Mb
Flavors: r-oldrel-macos-arm64, r-oldrel-macos-x86_64, r-oldrel-windows-x86_64