CRAN Package Check Results for Package pricelevels

Last updated on 2025-02-21 02:52:21 CET.

Flavor Version Tinstall Tcheck Ttotal Status Flags
r-devel-linux-x86_64-debian-clang 1.3.0 5.72 95.10 100.82 NOTE
r-devel-linux-x86_64-debian-gcc 1.3.0 3.50 60.01 63.51 NOTE
r-devel-linux-x86_64-fedora-clang 1.3.0 142.04 OK
r-devel-linux-x86_64-fedora-gcc 1.3.0 141.13 OK
r-devel-macos-arm64 1.3.0 43.00 OK
r-devel-macos-x86_64 1.3.0 94.00 OK
r-devel-windows-x86_64 1.3.0 5.00 99.00 104.00 NOTE
r-patched-linux-x86_64 1.3.0 6.19 71.85 78.04 OK
r-release-linux-x86_64 1.3.0 5.44 72.10 77.54 OK
r-release-macos-arm64 1.3.0 65.00 OK
r-release-macos-x86_64 1.3.0 73.00 OK
r-release-windows-x86_64 1.3.0 6.00 85.00 91.00 OK
r-oldrel-macos-arm64 1.3.0 63.00 OK
r-oldrel-macos-x86_64 1.3.0 118.00 OK
r-oldrel-windows-x86_64 1.3.0 6.00 96.00 102.00 OK

Check Details

Version: 1.3.0
Check: Rd cross-references
Result: NOTE Found the following Rd file(s) with Rd \link{} targets missing package anchors: cpd.Rd: nls.lm Please provide package anchors for all Rd \link{} targets not in the package itself and the base packages. Flavors: r-devel-linux-x86_64-debian-clang, r-devel-linux-x86_64-debian-gcc, r-devel-windows-x86_64