Last updated on 2025-02-21 02:52:21 CET.
Flavor | Version | Tinstall | Tcheck | Ttotal | Status | Flags |
---|---|---|---|---|---|---|
r-devel-linux-x86_64-debian-clang | 1.3.0 | 8.70 | 98.85 | 107.55 | NOTE | |
r-devel-linux-x86_64-debian-gcc | 1.3.0 | 6.21 | 71.74 | 77.95 | NOTE | |
r-devel-linux-x86_64-fedora-clang | 1.3.0 | 170.72 | OK | |||
r-devel-linux-x86_64-fedora-gcc | 1.3.0 | 178.63 | OK | |||
r-devel-macos-arm64 | 1.3.0 | 59.00 | OK | |||
r-devel-macos-x86_64 | 1.3.0 | 108.00 | OK | |||
r-devel-windows-x86_64 | 1.3.0 | 10.00 | 106.00 | 116.00 | NOTE | |
r-patched-linux-x86_64 | 1.3.0 | 12.59 | 93.86 | 106.45 | OK | |
r-release-linux-x86_64 | 1.3.0 | 7.25 | 93.38 | 100.63 | OK | |
r-release-macos-arm64 | 1.3.0 | 55.00 | OK | |||
r-release-macos-x86_64 | 1.3.0 | 83.00 | OK | |||
r-release-windows-x86_64 | 1.3.0 | 9.00 | 103.00 | 112.00 | OK | |
r-oldrel-macos-arm64 | 1.3.0 | 68.00 | OK | |||
r-oldrel-macos-x86_64 | 1.3.0 | 121.00 | OK | |||
r-oldrel-windows-x86_64 | 1.3.0 | 14.00 | 136.00 | 150.00 | OK |
Version: 1.3.0
Check: Rd cross-references
Result: NOTE
Found the following Rd file(s) with Rd \link{} targets missing package
anchors:
psm_analysis_weighted.rd: svydesign
Please provide package anchors for all Rd \link{} targets not in the
package itself and the base packages.
Flavors: r-devel-linux-x86_64-debian-clang, r-devel-linux-x86_64-debian-gcc, r-devel-windows-x86_64