Last updated on 2025-02-21 02:52:21 CET.
Flavor | Version | Tinstall | Tcheck | Ttotal | Status | Flags |
---|---|---|---|---|---|---|
r-devel-linux-x86_64-debian-clang | 1.0.5 | 10.55 | 105.39 | 115.94 | NOTE | |
r-devel-linux-x86_64-debian-gcc | 1.0.5 | 6.59 | 70.17 | 76.76 | NOTE | |
r-devel-linux-x86_64-fedora-clang | 1.0.5 | 171.93 | OK | |||
r-devel-linux-x86_64-fedora-gcc | 1.0.5 | 177.03 | OK | |||
r-devel-macos-arm64 | 1.0.5 | 69.00 | OK | |||
r-devel-macos-x86_64 | 1.0.5 | 99.00 | OK | |||
r-devel-windows-x86_64 | 1.0.5 | 12.00 | 106.00 | 118.00 | NOTE | |
r-patched-linux-x86_64 | 1.0.5 | 16.84 | 93.69 | 110.53 | OK | |
r-release-linux-x86_64 | 1.0.5 | 8.93 | 93.72 | 102.65 | OK | |
r-release-macos-arm64 | 1.0.5 | 60.00 | NOTE | |||
r-release-macos-x86_64 | 1.0.5 | 91.00 | NOTE | |||
r-release-windows-x86_64 | 1.0.5 | 13.00 | 108.00 | 121.00 | NOTE | |
r-oldrel-macos-arm64 | 1.0.5 | 65.00 | NOTE | |||
r-oldrel-macos-x86_64 | 1.0.5 | 113.00 | NOTE | |||
r-oldrel-windows-x86_64 | 1.0.5 | 15.00 | 131.00 | 146.00 | NOTE |
Version: 1.0.5
Check: Rd cross-references
Result: NOTE
Found the following Rd file(s) with Rd \link{} targets missing package
anchors:
animate_process.Rd: process_map, JS, createWidget, sizingPolicy
Please provide package anchors for all Rd \link{} targets not in the
package itself and the base packages.
Flavors: r-devel-linux-x86_64-debian-clang, r-devel-linux-x86_64-debian-gcc, r-devel-windows-x86_64
Version: 1.0.5
Check: installed package size
Result: NOTE
installed size is 11.5Mb
sub-directories of 1Mb or more:
doc 8.8Mb
htmlwidgets 2.5Mb
Flavors: r-release-macos-arm64, r-release-macos-x86_64, r-release-windows-x86_64, r-oldrel-macos-arm64, r-oldrel-macos-x86_64, r-oldrel-windows-x86_64