CRAN Package Check Results for Package promptr

Last updated on 2025-05-14 02:50:22 CEST.

Flavor Version Tinstall Tcheck Ttotal Status Flags
r-devel-linux-x86_64-debian-clang 1.0.0 1.81 20.93 22.74 NOTE
r-devel-linux-x86_64-debian-gcc 1.0.0 1.51 17.10 18.61 NOTE
r-devel-linux-x86_64-fedora-clang 1.0.0 34.72 NOTE
r-devel-linux-x86_64-fedora-gcc 1.0.0 32.25 NOTE
r-devel-windows-x86_64 1.0.0 4.00 44.00 48.00 NOTE
r-patched-linux-x86_64 1.0.0 1.87 19.01 20.88 NOTE
r-release-linux-x86_64 1.0.0 1.88 18.91 20.79 NOTE
r-release-macos-arm64 1.0.0 17.00 NOTE
r-release-macos-x86_64 1.0.0 25.00 NOTE
r-release-windows-x86_64 1.0.0 4.00 43.00 47.00 NOTE
r-oldrel-macos-arm64 1.0.0 17.00 OK
r-oldrel-macos-x86_64 1.0.0 28.00 OK
r-oldrel-windows-x86_64 1.0.0 4.00 45.00 49.00 OK

Check Details

Version: 1.0.0
Check: DESCRIPTION meta-information
Result: NOTE Missing dependency on R >= 4.1.0 because package code uses the pipe |> or function shorthand \(...) syntax added in R 4.1.0. File(s) using such syntax: ‘complete_chat.R’ ‘complete_prompt.R’ ‘format_prompt.R’ Flavors: r-devel-linux-x86_64-debian-clang, r-devel-linux-x86_64-debian-gcc, r-devel-linux-x86_64-fedora-clang, r-devel-linux-x86_64-fedora-gcc, r-devel-windows-x86_64, r-patched-linux-x86_64, r-release-linux-x86_64, r-release-macos-arm64, r-release-macos-x86_64, r-release-windows-x86_64