Last updated on 2025-02-18 02:50:46 CET.
Flavor | Version | Tinstall | Tcheck | Ttotal | Status | Flags |
---|---|---|---|---|---|---|
r-devel-linux-x86_64-debian-clang | 0.2.7 | 29.59 | 99.76 | 129.35 | OK | |
r-devel-linux-x86_64-debian-gcc | 0.2.7 | 22.76 | 81.84 | 104.60 | OK | |
r-devel-linux-x86_64-fedora-clang | 0.2.7 | 227.30 | OK | |||
r-devel-linux-x86_64-fedora-gcc | 0.2.7 | 253.58 | OK | |||
r-devel-macos-arm64 | 0.2.7 | 84.00 | OK | |||
r-devel-macos-x86_64 | 0.2.7 | 160.00 | OK | |||
r-devel-windows-x86_64 | 0.2.7 | 32.00 | 149.00 | 181.00 | OK | |
r-patched-linux-x86_64 | 0.2.7 | 30.88 | 108.93 | 139.81 | OK | |
r-release-linux-x86_64 | 0.2.7 | 27.31 | 111.06 | 138.37 | OK | |
r-release-macos-arm64 | 0.2.7 | 135.00 | NOTE | |||
r-release-macos-x86_64 | 0.2.7 | 118.00 | NOTE | |||
r-release-windows-x86_64 | 0.2.7 | 33.00 | 162.00 | 195.00 | OK | |
r-oldrel-macos-arm64 | 0.2.7 | 86.00 | NOTE | |||
r-oldrel-macos-x86_64 | 0.2.7 | 192.00 | NOTE | |||
r-oldrel-windows-x86_64 | 0.2.7 | 41.00 | 176.00 | 217.00 | OK |
Version: 0.2.7
Check: installed package size
Result: NOTE
installed size is 7.1Mb
sub-directories of 1Mb or more:
data 2.9Mb
libs 2.7Mb
Flavors: r-release-macos-arm64, r-release-macos-x86_64, r-oldrel-macos-arm64, r-oldrel-macos-x86_64