CRAN Package Check Results for Package protoshiny

Last updated on 2025-02-21 02:52:21 CET.

Flavor Version Tinstall Tcheck Ttotal Status Flags
r-devel-linux-x86_64-debian-clang 0.1.0 4.51 37.53 42.04 NOTE
r-devel-linux-x86_64-debian-gcc 0.1.0 3.51 28.41 31.92 NOTE
r-devel-linux-x86_64-fedora-clang 0.1.0 66.72 OK
r-devel-linux-x86_64-fedora-gcc 0.1.0 64.30 OK
r-devel-macos-arm64 0.1.0 24.00 OK
r-devel-macos-x86_64 0.1.0 40.00 OK
r-devel-windows-x86_64 0.1.0 8.00 63.00 71.00 NOTE
r-patched-linux-x86_64 0.1.0 8.21 35.52 43.73 OK
r-release-linux-x86_64 0.1.0 4.06 35.37 39.43 OK
r-release-macos-arm64 0.1.0 24.00 OK
r-release-macos-x86_64 0.1.0 34.00 OK
r-release-windows-x86_64 0.1.0 7.00 57.00 64.00 OK
r-oldrel-macos-arm64 0.1.0 24.00 OK
r-oldrel-macos-x86_64 0.1.0 34.00 OK
r-oldrel-windows-x86_64 0.1.0 7.00 60.00 67.00 OK

Check Details

Version: 0.1.0
Check: Rd cross-references
Result: NOTE Found the following Rd file(s) with Rd \link{} targets missing package anchors: as.protoclust.Rd: protoclust Please provide package anchors for all Rd \link{} targets not in the package itself and the base packages. Flavors: r-devel-linux-x86_64-debian-clang, r-devel-linux-x86_64-debian-gcc, r-devel-windows-x86_64