Last updated on 2025-02-21 02:52:21 CET.
Flavor | Version | Tinstall | Tcheck | Ttotal | Status | Flags |
---|---|---|---|---|---|---|
r-devel-linux-x86_64-debian-clang | 0.4.0 | 1.84 | 24.75 | 26.59 | NOTE | |
r-devel-linux-x86_64-debian-gcc | 0.4.0 | 1.52 | 19.90 | 21.42 | NOTE | |
r-devel-linux-x86_64-fedora-clang | 0.4.0 | 44.19 | NOTE | |||
r-devel-linux-x86_64-fedora-gcc | 0.4.0 | 55.44 | NOTE | |||
r-devel-macos-arm64 | 0.4.0 | 27.00 | OK | |||
r-devel-macos-x86_64 | 0.4.0 | 47.00 | NOTE | |||
r-devel-windows-x86_64 | 0.4.0 | 3.00 | 48.00 | 51.00 | NOTE | |
r-patched-linux-x86_64 | 0.4.0 | 1.63 | 23.93 | 25.56 | OK | |
r-release-linux-x86_64 | 0.4.0 | 1.62 | 23.66 | 25.28 | OK | |
r-release-macos-arm64 | 0.4.0 | 24.00 | OK | |||
r-release-macos-x86_64 | 0.4.0 | 34.00 | OK | |||
r-release-windows-x86_64 | 0.4.0 | 5.00 | 47.00 | 52.00 | OK | |
r-oldrel-macos-arm64 | 0.4.0 | 24.00 | OK | |||
r-oldrel-macos-x86_64 | 0.4.0 | 68.00 | OK | |||
r-oldrel-windows-x86_64 | 0.4.0 | 4.00 | 47.00 | 51.00 | OK |
Version: 0.4.0
Check: DESCRIPTION meta-information
Result: NOTE
Missing dependency on R >= 4.1.0 because package code uses the pipe
|> or function shorthand \(...) syntax added in R 4.1.0.
File(s) using such syntax:
‘get_proverbs.R’
Flavors: r-devel-linux-x86_64-debian-clang, r-devel-linux-x86_64-debian-gcc, r-devel-linux-x86_64-fedora-clang, r-devel-linux-x86_64-fedora-gcc, r-devel-macos-x86_64, r-devel-windows-x86_64