Last updated on 2025-02-21 02:52:21 CET.
Flavor | Version | Tinstall | Tcheck | Ttotal | Status | Flags |
---|---|---|---|---|---|---|
r-devel-linux-x86_64-debian-clang | 1.1.0 | 1091.55 | 240.20 | 1331.75 | OK | |
r-devel-linux-x86_64-debian-gcc | 1.1.0 | 1071.34 | 250.03 | 1321.37 | OK | |
r-devel-linux-x86_64-fedora-clang | 1.1.0 | 2183.56 | NOTE | |||
r-devel-linux-x86_64-fedora-gcc | 1.1.0 | 3021.26 | NOTE | |||
r-devel-macos-arm64 | 1.1.0 | 547.00 | OK | |||
r-devel-macos-x86_64 | 1.1.0 | 716.00 | OK | |||
r-devel-windows-x86_64 | 1.1.0 | 1059.00 | 312.00 | 1371.00 | OK | |
r-patched-linux-x86_64 | 1.1.0 | 1337.10 | 338.50 | 1675.60 | NOTE | |
r-release-linux-x86_64 | 1.1.0 | 1320.01 | 336.21 | 1656.22 | NOTE | |
r-release-macos-arm64 | 1.1.0 | 287.00 | NOTE | |||
r-release-macos-x86_64 | 1.1.0 | 239.00 | NOTE | |||
r-release-windows-x86_64 | 1.1.0 | 1069.00 | 310.00 | 1379.00 | NOTE | |
r-oldrel-macos-arm64 | 1.1.0 | 565.00 | NOTE | |||
r-oldrel-macos-x86_64 | 1.1.0 | 551.00 | NOTE | |||
r-oldrel-windows-x86_64 | 1.1.0 | 1430.00 | 401.00 | 1831.00 | NOTE |
Version: 1.1.0
Check: dependencies in R code
Result: NOTE
Namespaces in Imports field not imported from:
‘RcppParallel’ ‘rstantools’
All declared Imports should be used.
Flavors: r-devel-linux-x86_64-fedora-clang, r-devel-linux-x86_64-fedora-gcc
Version: 1.1.0
Check: for GNU extensions in Makefiles
Result: NOTE
GNU make is a SystemRequirements.
Flavors: r-patched-linux-x86_64, r-release-linux-x86_64, r-release-macos-arm64, r-release-macos-x86_64, r-release-windows-x86_64, r-oldrel-macos-arm64, r-oldrel-macos-x86_64, r-oldrel-windows-x86_64
Version: 1.1.0
Check: installed package size
Result: NOTE
installed size is 136.3Mb
sub-directories of 1Mb or more:
libs 135.8Mb
Flavors: r-release-macos-arm64, r-release-macos-x86_64, r-release-windows-x86_64, r-oldrel-macos-arm64, r-oldrel-macos-x86_64, r-oldrel-windows-x86_64