Last updated on 2025-05-19 14:49:37 CEST.
Flavor | Version | Tinstall | Tcheck | Ttotal | Status | Flags |
---|---|---|---|---|---|---|
r-devel-linux-x86_64-debian-clang | 1.0.0 | 52.49 | 58.34 | 110.83 | OK | |
r-devel-linux-x86_64-debian-gcc | 1.0.0 | 41.47 | 42.06 | 83.53 | OK | |
r-devel-linux-x86_64-fedora-clang | 1.0.0 | 205.16 | OK | |||
r-devel-linux-x86_64-fedora-gcc | 1.0.0 | 208.94 | OK | |||
r-devel-windows-x86_64 | 1.0.0 | 66.00 | 97.00 | 163.00 | OK | |
r-patched-linux-x86_64 | 1.0.0 | 51.08 | 53.98 | 105.06 | OK | |
r-release-linux-x86_64 | 1.0.0 | 52.79 | 53.67 | 106.46 | OK | |
r-release-macos-arm64 | 1.0.0 | 48.00 | OK | |||
r-release-macos-x86_64 | 1.0.0 | 76.00 | OK | |||
r-release-windows-x86_64 | 1.0.0 | 62.00 | 95.00 | 157.00 | OK | |
r-oldrel-macos-arm64 | 1.0.0 | 58.00 | OK | |||
r-oldrel-macos-x86_64 | 1.0.0 | 88.00 | NOTE | |||
r-oldrel-windows-x86_64 | 1.0.0 | 74.00 | 108.00 | 182.00 | OK |
Version: 1.0.0
Check: installed package size
Result: NOTE
installed size is 5.0Mb
sub-directories of 1Mb or more:
libs 4.8Mb
Flavor: r-oldrel-macos-x86_64