Last updated on 2025-02-20 14:51:04 CET.
Flavor | Version | Tinstall | Tcheck | Ttotal | Status | Flags |
---|---|---|---|---|---|---|
r-devel-linux-x86_64-debian-clang | 0.3-21 | 175.38 | 87.11 | 262.49 | OK | |
r-devel-linux-x86_64-debian-gcc | 0.3-21 | 113.05 | 61.22 | 174.27 | OK | |
r-devel-linux-x86_64-fedora-clang | 0.3-21 | 528.50 | OK | |||
r-devel-linux-x86_64-fedora-gcc | 0.3-21 | 466.56 | OK | |||
r-devel-macos-arm64 | 0.3-21 | 96.00 | OK | |||
r-devel-macos-x86_64 | 0.3-21 | 147.00 | OK | |||
r-devel-windows-x86_64 | 0.3-21 | 184.00 | 116.00 | 300.00 | OK | |
r-patched-linux-x86_64 | 0.3-21 | 157.75 | 81.90 | 239.65 | OK | |
r-release-linux-x86_64 | 0.3-21 | 161.30 | 81.37 | 242.67 | OK | |
r-release-macos-arm64 | 0.3-21 | 105.00 | NOTE | |||
r-release-macos-x86_64 | 0.3-21 | 116.00 | NOTE | |||
r-release-windows-x86_64 | 0.3-21 | 186.00 | 115.00 | 301.00 | OK | |
r-oldrel-macos-arm64 | 0.3-21 | 116.00 | NOTE | |||
r-oldrel-macos-x86_64 | 0.3-21 | 160.00 | NOTE | |||
r-oldrel-windows-x86_64 | 0.3-21 | 225.00 | 143.00 | 368.00 | OK |
Version: 0.3-21
Check: installed package size
Result: NOTE
installed size is 7.4Mb
sub-directories of 1Mb or more:
libs 7.3Mb
Flavors: r-release-macos-arm64, r-release-macos-x86_64, r-oldrel-macos-arm64, r-oldrel-macos-x86_64