Last updated on 2025-02-21 02:52:21 CET.
Flavor | Version | Tinstall | Tcheck | Ttotal | Status | Flags |
---|---|---|---|---|---|---|
r-devel-linux-x86_64-debian-clang | 0.3.2 | 52.78 | 141.35 | 194.13 | OK | |
r-devel-linux-x86_64-debian-gcc | 0.3.2 | 44.77 | 106.45 | 151.22 | OK | |
r-devel-linux-x86_64-fedora-clang | 0.3.2 | 334.98 | OK | |||
r-devel-linux-x86_64-fedora-gcc | 0.3.2 | 378.48 | OK | |||
r-devel-macos-arm64 | 0.3.2 | 63.00 | OK | |||
r-devel-macos-x86_64 | 0.3.2 | 115.00 | OK | |||
r-devel-windows-x86_64 | 0.3.2 | 65.00 | 181.00 | 246.00 | OK | |
r-patched-linux-x86_64 | 0.3.2 | 60.61 | 143.30 | 203.91 | OK | |
r-release-linux-x86_64 | 0.3.2 | 59.89 | 143.00 | 202.89 | OK | |
r-release-macos-arm64 | 0.3.2 | 62.00 | NOTE | |||
r-release-macos-x86_64 | 0.3.2 | 119.00 | NOTE | |||
r-release-windows-x86_64 | 0.3.2 | 64.00 | 180.00 | 244.00 | OK | |
r-oldrel-macos-arm64 | 0.3.2 | 71.00 | NOTE | |||
r-oldrel-macos-x86_64 | 0.3.2 | 122.00 | NOTE | |||
r-oldrel-windows-x86_64 | 0.3.2 | 76.00 | 209.00 | 285.00 | OK |
Version: 0.3.2
Check: installed package size
Result: NOTE
installed size is 11.4Mb
sub-directories of 1Mb or more:
libs 10.7Mb
Flavors: r-release-macos-arm64, r-release-macos-x86_64, r-oldrel-macos-arm64, r-oldrel-macos-x86_64