Last updated on 2025-02-21 02:52:21 CET.
Flavor | Version | Tinstall | Tcheck | Ttotal | Status | Flags |
---|---|---|---|---|---|---|
r-devel-linux-x86_64-debian-clang | 1.0.3 | 10.43 | 90.83 | 101.26 | OK | |
r-devel-linux-x86_64-debian-gcc | 1.0.3 | 7.41 | 63.04 | 70.45 | OK | |
r-devel-linux-x86_64-fedora-clang | 1.0.3 | 162.52 | OK | |||
r-devel-linux-x86_64-fedora-gcc | 1.0.3 | 154.90 | OK | |||
r-devel-macos-arm64 | 1.0.3 | 43.00 | OK | |||
r-devel-macos-x86_64 | 1.0.3 | 96.00 | OK | |||
r-devel-windows-x86_64 | 1.0.3 | 9.00 | 98.00 | 107.00 | OK | |
r-patched-linux-x86_64 | 1.0.3 | 9.80 | 86.75 | 96.55 | NOTE | |
r-release-linux-x86_64 | 1.0.3 | 9.46 | 85.81 | 95.27 | NOTE | |
r-release-macos-arm64 | 1.0.3 | 45.00 | NOTE | |||
r-release-macos-x86_64 | 1.0.3 | 88.00 | NOTE | |||
r-release-windows-x86_64 | 1.0.3 | 10.00 | 95.00 | 105.00 | NOTE | |
r-oldrel-macos-arm64 | 1.0.3 | 47.00 | NOTE | |||
r-oldrel-macos-x86_64 | 1.0.3 | 81.00 | NOTE | |||
r-oldrel-windows-x86_64 | 1.0.3 | 14.00 | 116.00 | 130.00 | NOTE |
Version: 1.0.3
Check: LazyData
Result: NOTE
'LazyData' is specified without a 'data' directory
Flavors: r-patched-linux-x86_64, r-release-linux-x86_64, r-release-macos-arm64, r-release-macos-x86_64, r-release-windows-x86_64, r-oldrel-macos-arm64, r-oldrel-macos-x86_64, r-oldrel-windows-x86_64