Last updated on 2025-02-21 02:52:21 CET.
Flavor | Version | Tinstall | Tcheck | Ttotal | Status | Flags |
---|---|---|---|---|---|---|
r-devel-linux-x86_64-debian-clang | 0.13 | 619.43 | 184.81 | 804.24 | OK | |
r-devel-linux-x86_64-debian-gcc | 0.13 | 461.67 | 116.23 | 577.90 | OK | |
r-devel-linux-x86_64-fedora-clang | 0.13 | 1651.30 | OK | |||
r-devel-linux-x86_64-fedora-gcc | 0.13 | 1560.02 | OK | |||
r-devel-macos-arm64 | 0.13 | 277.00 | OK | |||
r-devel-macos-x86_64 | 0.13 | 306.00 | OK | |||
r-devel-windows-x86_64 | 0.13 | 636.00 | 206.00 | 842.00 | OK | |
r-patched-linux-x86_64 | 0.13 | 614.88 | 165.83 | 780.71 | OK | |
r-release-linux-x86_64 | 0.13 | 612.65 | 166.00 | 778.65 | OK | |
r-release-macos-arm64 | 0.13 | 238.00 | NOTE | |||
r-release-macos-x86_64 | 0.13 | 333.00 | NOTE | |||
r-release-windows-x86_64 | 0.13 | 615.00 | 205.00 | 820.00 | OK | |
r-oldrel-macos-arm64 | 0.13 | 300.00 | NOTE | |||
r-oldrel-macos-x86_64 | 0.13 | 330.00 | NOTE | |||
r-oldrel-windows-x86_64 | 0.13 | 796.00 | 262.00 | 1058.00 | OK |
Version: 0.13
Check: installed package size
Result: NOTE
installed size is 28.4Mb
sub-directories of 1Mb or more:
libs 27.2Mb
Flavors: r-release-macos-arm64, r-release-macos-x86_64, r-oldrel-macos-arm64, r-oldrel-macos-x86_64