CRAN Package Check Results for Package pubtatordb

Last updated on 2025-02-21 02:52:21 CET.

Flavor Version Tinstall Tcheck Ttotal Status Flags
r-devel-linux-x86_64-debian-clang 0.1.4 1.77 24.90 26.67 OK
r-devel-linux-x86_64-debian-gcc 0.1.4 1.61 19.65 21.26 OK
r-devel-linux-x86_64-fedora-clang 0.1.4 46.40 OK
r-devel-linux-x86_64-fedora-gcc 0.1.4 58.25 OK
r-devel-macos-arm64 0.1.4 29.00 OK
r-devel-macos-x86_64 0.1.4 75.00 OK
r-devel-windows-x86_64 0.1.4 4.00 47.00 51.00 OK
r-patched-linux-x86_64 0.1.4 1.77 23.79 25.56 NOTE
r-release-linux-x86_64 0.1.4 2.03 23.87 25.90 NOTE
r-release-macos-arm64 0.1.4 24.00 NOTE
r-release-macos-x86_64 0.1.4 62.00 NOTE
r-release-windows-x86_64 0.1.4 4.00 49.00 53.00 NOTE
r-oldrel-macos-arm64 0.1.4 26.00 NOTE
r-oldrel-macos-x86_64 0.1.4 30.00 NOTE
r-oldrel-windows-x86_64 0.1.4 4.00 53.00 57.00 NOTE

Additional issues

donttest

Check Details

Version: 0.1.4
Check: LazyData
Result: NOTE 'LazyData' is specified without a 'data' directory Flavors: r-patched-linux-x86_64, r-release-linux-x86_64, r-release-macos-arm64, r-release-macos-x86_64, r-release-windows-x86_64, r-oldrel-macos-arm64, r-oldrel-macos-x86_64, r-oldrel-windows-x86_64