CRAN Package Check Results for Package purge

Last updated on 2025-02-18 02:50:46 CET.

Flavor Version Tinstall Tcheck Ttotal Status Flags
r-devel-linux-x86_64-debian-clang 0.2.1 1.81 24.48 26.29 OK
r-devel-linux-x86_64-debian-gcc 0.2.1 1.44 19.98 21.42 OK
r-devel-linux-x86_64-fedora-clang 0.2.1 43.24 OK
r-devel-linux-x86_64-fedora-gcc 0.2.1 41.88 OK
r-devel-macos-arm64 0.2.1 19.00 OK
r-devel-macos-x86_64 0.2.1 43.00 OK
r-devel-windows-x86_64 0.2.1 2.00 50.00 52.00 OK
r-patched-linux-x86_64 0.2.1 1.75 23.53 25.28 NOTE
r-release-linux-x86_64 0.2.1 1.49 23.90 25.39 NOTE
r-release-macos-arm64 0.2.1 20.00 NOTE
r-release-macos-x86_64 0.2.1 27.00 NOTE
r-release-windows-x86_64 0.2.1 3.00 47.00 50.00 NOTE
r-oldrel-macos-arm64 0.2.1 20.00 NOTE
r-oldrel-macos-x86_64 0.2.1 27.00 NOTE
r-oldrel-windows-x86_64 0.2.1 3.00 52.00 55.00 NOTE

Check Details

Version: 0.2.1
Check: LazyData
Result: NOTE 'LazyData' is specified without a 'data' directory Flavors: r-patched-linux-x86_64, r-release-linux-x86_64, r-release-macos-arm64, r-release-macos-x86_64, r-release-windows-x86_64, r-oldrel-macos-arm64, r-oldrel-macos-x86_64, r-oldrel-windows-x86_64