Last updated on 2025-02-21 02:52:21 CET.
Flavor | Version | Tinstall | Tcheck | Ttotal | Status | Flags |
---|---|---|---|---|---|---|
r-devel-linux-x86_64-debian-clang | 2.2.7 | 12.67 | 32.45 | 45.12 | NOTE | |
r-devel-linux-x86_64-debian-gcc | 2.2.7 | 9.04 | 25.86 | 34.90 | NOTE | |
r-devel-linux-x86_64-fedora-clang | 2.2.7 | 80.87 | NOTE | |||
r-devel-linux-x86_64-fedora-gcc | 2.2.7 | 90.88 | NOTE | |||
r-devel-macos-arm64 | 2.2.7 | 33.00 | NOTE | |||
r-devel-macos-x86_64 | 2.2.7 | 71.00 | NOTE | |||
r-devel-windows-x86_64 | 2.2.7 | 14.00 | 76.00 | 90.00 | NOTE | |
r-patched-linux-x86_64 | 2.2.7 | 13.69 | 31.48 | 45.17 | NOTE | |
r-release-linux-x86_64 | 2.2.7 | 13.81 | 31.47 | 45.28 | NOTE | |
r-release-macos-arm64 | 2.2.7 | 34.00 | NOTE | |||
r-release-macos-x86_64 | 2.2.7 | 91.00 | NOTE | |||
r-release-windows-x86_64 | 2.2.7 | 14.00 | 78.00 | 92.00 | NOTE | |
r-oldrel-macos-arm64 | 2.2.7 | 33.00 | OK | |||
r-oldrel-macos-x86_64 | 2.2.7 | 59.00 | OK | |||
r-oldrel-windows-x86_64 | 2.2.7 | 18.00 | 90.00 | 108.00 | OK |
Version: 2.2.7
Check: Rd files
Result: NOTE
checkRd: (-1) DataSets.Rd:10: Lost braces; missing escapes or markup?
10 | \format{the \code{PvarQuantileDF} is a \code{data.frame} with fields \code{prob} an {Qaunt}.
| ^
Flavors: r-devel-linux-x86_64-debian-clang, r-devel-linux-x86_64-debian-gcc, r-devel-linux-x86_64-fedora-clang, r-devel-linux-x86_64-fedora-gcc, r-devel-macos-arm64, r-devel-macos-x86_64, r-devel-windows-x86_64, r-patched-linux-x86_64, r-release-linux-x86_64, r-release-macos-arm64, r-release-macos-x86_64, r-release-windows-x86_64