Last updated on 2025-02-20 14:51:04 CET.
Flavor | Version | Tinstall | Tcheck | Ttotal | Status | Flags |
---|---|---|---|---|---|---|
r-devel-linux-x86_64-debian-clang | 0.1-2 | 2.28 | 21.12 | 23.40 | NOTE | |
r-devel-linux-x86_64-debian-gcc | 0.1-2 | 1.72 | 16.83 | 18.55 | NOTE | |
r-devel-linux-x86_64-fedora-clang | 0.1-2 | 38.47 | NOTE | |||
r-devel-linux-x86_64-fedora-gcc | 0.1-2 | 35.91 | NOTE | |||
r-devel-macos-arm64 | 0.1-2 | 17.00 | NOTE | |||
r-devel-macos-x86_64 | 0.1-2 | 32.00 | NOTE | |||
r-devel-windows-x86_64 | 0.1-2 | 3.00 | 48.00 | 51.00 | NOTE | |
r-patched-linux-x86_64 | 0.1-2 | 2.75 | 20.22 | 22.97 | NOTE | |
r-release-linux-x86_64 | 0.1-2 | 2.21 | 20.28 | 22.49 | NOTE | |
r-release-macos-arm64 | 0.1-2 | 18.00 | NOTE | |||
r-release-macos-x86_64 | 0.1-2 | 23.00 | NOTE | |||
r-release-windows-x86_64 | 0.1-2 | 3.00 | 43.00 | 46.00 | NOTE | |
r-oldrel-macos-arm64 | 0.1-2 | 18.00 | NOTE | |||
r-oldrel-macos-x86_64 | 0.1-2 | 23.00 | NOTE | |||
r-oldrel-windows-x86_64 | 0.1-2 | 4.00 | 46.00 | 50.00 | NOTE |
Version: 0.1-2
Check: Rd files
Result: NOTE
checkRd: (-1) aid_st2.Rd:6: Escaped LaTeX specials: \&
Flavors: r-devel-linux-x86_64-debian-clang, r-devel-linux-x86_64-debian-gcc, r-devel-linux-x86_64-fedora-clang, r-devel-linux-x86_64-fedora-gcc, r-devel-macos-arm64, r-devel-macos-x86_64, r-devel-windows-x86_64, r-patched-linux-x86_64, r-release-linux-x86_64, r-release-macos-arm64, r-release-macos-x86_64, r-release-windows-x86_64, r-oldrel-macos-arm64, r-oldrel-macos-x86_64, r-oldrel-windows-x86_64