CRAN Package Check Results for Package qcapower

Last updated on 2025-02-21 02:52:21 CET.

Flavor Version Tinstall Tcheck Ttotal Status Flags
r-devel-linux-x86_64-debian-clang 0.1.0 5.74 52.77 58.51 OK
r-devel-linux-x86_64-debian-gcc 0.1.0 3.82 37.16 40.98 OK
r-devel-linux-x86_64-fedora-clang 0.1.0 92.22 NOTE
r-devel-linux-x86_64-fedora-gcc 0.1.0 101.46 NOTE
r-devel-macos-arm64 0.1.0 40.00 OK
r-devel-macos-x86_64 0.1.0 163.00 OK
r-devel-windows-x86_64 0.1.0 8.00 68.00 76.00 OK
r-patched-linux-x86_64 0.1.0 5.02 48.50 53.52 OK
r-release-linux-x86_64 0.1.0 5.03 48.28 53.31 OK
r-release-macos-arm64 0.1.0 35.00 OK
r-release-macos-x86_64 0.1.0 52.00 OK
r-release-windows-x86_64 0.1.0 9.00 67.00 76.00 OK
r-oldrel-macos-arm64 0.1.0 34.00 OK
r-oldrel-macos-x86_64 0.1.0 59.00 OK
r-oldrel-windows-x86_64 0.1.0 10.00 75.00 85.00 OK

Check Details

Version: 0.1.0
Check: dependencies in R code
Result: NOTE Namespace in Imports field not imported from: ‘devtools’ All declared Imports should be used. Flavors: r-devel-linux-x86_64-fedora-clang, r-devel-linux-x86_64-fedora-gcc