Last updated on 2025-02-21 02:52:21 CET.
Flavor | Version | Tinstall | Tcheck | Ttotal | Status | Flags |
---|---|---|---|---|---|---|
r-devel-linux-x86_64-debian-clang | 1.4-1 | 15.53 | 124.97 | 140.50 | NOTE | |
r-devel-linux-x86_64-debian-gcc | 1.4-1 | 12.36 | 83.52 | 95.88 | NOTE | |
r-devel-linux-x86_64-fedora-clang | 1.4-1 | 235.30 | OK | |||
r-devel-linux-x86_64-fedora-gcc | 1.4-1 | 214.93 | OK | |||
r-devel-macos-arm64 | 1.4-1 | 60.00 | OK | |||
r-devel-macos-x86_64 | 1.4-1 | 123.00 | OK | |||
r-devel-windows-x86_64 | 1.4-1 | 22.00 | 148.00 | 170.00 | NOTE | |
r-patched-linux-x86_64 | 1.4-1 | 21.47 | 117.93 | 139.40 | OK | |
r-release-linux-x86_64 | 1.4-1 | 14.77 | 119.55 | 134.32 | OK | |
r-release-macos-arm64 | 1.4-1 | 57.00 | NOTE | |||
r-release-macos-x86_64 | 1.4-1 | 93.00 | NOTE | |||
r-release-windows-x86_64 | 1.4-1 | 20.00 | 147.00 | 167.00 | OK | |
r-oldrel-macos-arm64 | 1.4-1 | 66.00 | NOTE | |||
r-oldrel-macos-x86_64 | 1.4-1 | 121.00 | NOTE | |||
r-oldrel-windows-x86_64 | 1.4-1 | 27.00 | 177.00 | 204.00 | OK |
Version: 1.4-1
Check: Rd cross-references
Result: NOTE
Found the following Rd file(s) with Rd \link{} targets missing package
anchors:
pcrfit.Rd: nlsLM
plot.pcrfit.Rd: plot3d, points3d, lines3d, axis3d, mtext3d
Please provide package anchors for all Rd \link{} targets not in the
package itself and the base packages.
Flavors: r-devel-linux-x86_64-debian-clang, r-devel-linux-x86_64-debian-gcc, r-devel-windows-x86_64
Version: 1.4-1
Check: installed package size
Result: NOTE
installed size is 5.1Mb
sub-directories of 1Mb or more:
data 3.7Mb
Flavors: r-release-macos-arm64, r-release-macos-x86_64, r-oldrel-macos-arm64, r-oldrel-macos-x86_64