Last updated on 2025-02-21 02:52:22 CET.
Flavor | Version | Tinstall | Tcheck | Ttotal | Status | Flags |
---|---|---|---|---|---|---|
r-devel-linux-x86_64-debian-clang | 1.1.0-0 | 23.28 | 23.74 | 47.02 | NOTE | |
r-devel-linux-x86_64-debian-gcc | 1.1.0-0 | 19.15 | 20.81 | 39.96 | NOTE | |
r-devel-linux-x86_64-fedora-clang | 1.1.0-0 | 82.40 | NOTE | |||
r-devel-linux-x86_64-fedora-gcc | 1.1.0-0 | 90.56 | NOTE | |||
r-devel-macos-arm64 | 1.1.0-0 | 29.00 | NOTE | |||
r-devel-macos-x86_64 | 1.1.0-0 | 48.00 | NOTE | |||
r-devel-windows-x86_64 | 1.1.0-0 | 28.00 | 67.00 | 95.00 | NOTE | |
r-patched-linux-x86_64 | 1.1.0-0 | 26.29 | 25.11 | 51.40 | NOTE | |
r-release-linux-x86_64 | 1.1.0-0 | 26.42 | 25.01 | 51.43 | NOTE | |
r-release-macos-arm64 | 1.1.0-0 | 29.00 | NOTE | |||
r-release-macos-x86_64 | 1.1.0-0 | 41.00 | NOTE | |||
r-release-windows-x86_64 | 1.1.0-0 | 28.00 | 63.00 | 91.00 | NOTE | |
r-oldrel-macos-arm64 | 1.1.0-0 | 32.00 | NOTE | |||
r-oldrel-macos-x86_64 | 1.1.0-0 | 48.00 | NOTE | |||
r-oldrel-windows-x86_64 | 1.1.0-0 | 32.00 | 71.00 | 103.00 | NOTE |
Version: 1.1.0-0
Check: C++ specification
Result: NOTE
Specified C++11: please drop specification unless essential
Flavors: r-devel-linux-x86_64-debian-clang, r-devel-linux-x86_64-debian-gcc, r-devel-linux-x86_64-fedora-clang, r-devel-linux-x86_64-fedora-gcc, r-devel-macos-arm64, r-devel-macos-x86_64, r-devel-windows-x86_64, r-patched-linux-x86_64, r-release-linux-x86_64, r-release-macos-arm64, r-release-macos-x86_64, r-release-windows-x86_64, r-oldrel-macos-arm64, r-oldrel-macos-x86_64, r-oldrel-windows-x86_64
Version: 1.1.0-0
Check: installed package size
Result: NOTE
installed size is 9.2Mb
sub-directories of 1Mb or more:
libs 9.0Mb
Flavors: r-release-macos-arm64, r-release-macos-x86_64, r-oldrel-macos-arm64, r-oldrel-macos-x86_64