Last updated on 2025-02-21 02:52:22 CET.
Flavor | Version | Tinstall | Tcheck | Ttotal | Status | Flags |
---|---|---|---|---|---|---|
r-devel-linux-x86_64-debian-clang | 0.3.0 | 3.20 | 54.28 | 57.48 | NOTE | |
r-devel-linux-x86_64-debian-gcc | 0.3.0 | 2.20 | 34.77 | 36.97 | NOTE | |
r-devel-linux-x86_64-fedora-clang | 0.3.0 | 96.97 | NOTE | |||
r-devel-linux-x86_64-fedora-gcc | 0.3.0 | 93.03 | NOTE | |||
r-devel-macos-arm64 | 0.3.0 | 26.00 | OK | |||
r-devel-macos-x86_64 | 0.3.0 | 49.00 | OK | |||
r-devel-windows-x86_64 | 0.3.0 | 3.00 | 66.00 | 69.00 | NOTE | |
r-patched-linux-x86_64 | 0.3.0 | 3.01 | 49.52 | 52.53 | OK | |
r-release-linux-x86_64 | 0.3.0 | 2.62 | 49.96 | 52.58 | OK | |
r-release-macos-arm64 | 0.3.0 | 31.00 | OK | |||
r-release-macos-x86_64 | 0.3.0 | 59.00 | OK | |||
r-release-windows-x86_64 | 0.3.0 | 4.00 | 67.00 | 71.00 | OK | |
r-oldrel-macos-arm64 | 0.3.0 | 38.00 | OK | |||
r-oldrel-macos-x86_64 | 0.3.0 | 63.00 | OK | |||
r-oldrel-windows-x86_64 | 0.3.0 | 4.00 | 77.00 | 81.00 | OK |
Version: 0.3.0
Check: DESCRIPTION meta-information
Result: NOTE
Missing dependency on R >= 4.2.0 because package code uses the pipe
placeholder syntax added in R 4.2.0.
File(s) using such syntax:
‘qr_vcard.R’
Flavors: r-devel-linux-x86_64-debian-clang, r-devel-linux-x86_64-debian-gcc, r-devel-linux-x86_64-fedora-clang, r-devel-linux-x86_64-fedora-gcc, r-devel-windows-x86_64