Last updated on 2025-02-21 02:52:22 CET.
Flavor | Version | Tinstall | Tcheck | Ttotal | Status | Flags |
---|---|---|---|---|---|---|
r-devel-linux-x86_64-debian-clang | 1.1.1 | 55.56 | 99.70 | 155.26 | NOTE | |
r-devel-linux-x86_64-debian-gcc | 1.1.1 | 36.29 | 74.79 | 111.08 | NOTE | |
r-devel-linux-x86_64-fedora-clang | 1.1.1 | 283.90 | NOTE | |||
r-devel-linux-x86_64-fedora-gcc | 1.1.1 | 247.22 | NOTE | |||
r-devel-macos-arm64 | 1.1.1 | 62.00 | NOTE | |||
r-devel-macos-x86_64 | 1.1.1 | 108.00 | NOTE | |||
r-devel-windows-x86_64 | 1.1.1 | 58.00 | 127.00 | 185.00 | NOTE | |
r-patched-linux-x86_64 | 1.1.1 | 51.04 | 95.91 | 146.95 | NOTE | |
r-release-linux-x86_64 | 1.1.1 | 48.92 | 92.18 | 141.10 | NOTE | |
r-release-macos-arm64 | 1.1.1 | 61.00 | NOTE | |||
r-release-macos-x86_64 | 1.1.1 | 89.00 | NOTE | |||
r-release-windows-x86_64 | 1.1.1 | 58.00 | 114.00 | 172.00 | NOTE | |
r-oldrel-macos-arm64 | 1.1.1 | 73.00 | NOTE | |||
r-oldrel-macos-x86_64 | 1.1.1 | 131.00 | NOTE | |||
r-oldrel-windows-x86_64 | 1.1.1 | 70.00 | 168.00 | 238.00 | NOTE |
Version: 1.1.1
Check: C++ specification
Result: NOTE
Specified C++11: please drop specification unless essential
Flavors: r-devel-linux-x86_64-debian-clang, r-devel-linux-x86_64-debian-gcc, r-devel-linux-x86_64-fedora-clang, r-devel-linux-x86_64-fedora-gcc, r-devel-macos-arm64, r-devel-macos-x86_64, r-devel-windows-x86_64, r-patched-linux-x86_64, r-release-linux-x86_64, r-release-macos-arm64, r-release-macos-x86_64, r-release-windows-x86_64, r-oldrel-macos-arm64, r-oldrel-macos-x86_64, r-oldrel-windows-x86_64