Last updated on 2025-05-16 02:50:24 CEST.
Flavor | Version | Tinstall | Tcheck | Ttotal | Status | Flags |
---|---|---|---|---|---|---|
r-devel-linux-x86_64-debian-clang | 0.2.0 | 7.83 | 101.07 | 108.90 | NOTE | |
r-devel-linux-x86_64-debian-gcc | 0.2.0 | 5.67 | 69.15 | 74.82 | NOTE | |
r-devel-linux-x86_64-fedora-clang | 0.2.0 | 171.15 | NOTE | |||
r-devel-linux-x86_64-fedora-gcc | 0.2.0 | 177.01 | NOTE | |||
r-devel-windows-x86_64 | 0.2.0 | 11.00 | 108.00 | 119.00 | NOTE | |
r-patched-linux-x86_64 | 0.2.0 | 8.11 | 94.00 | 102.11 | NOTE | |
r-release-linux-x86_64 | 0.2.0 | 8.28 | 94.56 | 102.84 | NOTE | |
r-release-macos-arm64 | 0.2.0 | 51.00 | NOTE | |||
r-release-macos-x86_64 | 0.2.0 | 106.00 | NOTE | |||
r-release-windows-x86_64 | 0.2.0 | 11.00 | 105.00 | 116.00 | NOTE | |
r-oldrel-macos-arm64 | 0.2.0 | 50.00 | OK | |||
r-oldrel-macos-x86_64 | 0.2.0 | 86.00 | OK | |||
r-oldrel-windows-x86_64 | 0.2.0 | 14.00 | 137.00 | 151.00 | OK |
Version: 0.2.0
Check: DESCRIPTION meta-information
Result: NOTE
Missing dependency on R >= 4.2.0 because package code uses the pipe
placeholder syntax added in R 4.2.0.
File(s) using such syntax:
‘all_new_functions.R’
Flavors: r-devel-linux-x86_64-debian-clang, r-devel-linux-x86_64-debian-gcc, r-devel-linux-x86_64-fedora-clang, r-devel-linux-x86_64-fedora-gcc, r-devel-windows-x86_64, r-patched-linux-x86_64, r-release-linux-x86_64, r-release-macos-arm64, r-release-macos-x86_64, r-release-windows-x86_64