Last updated on 2025-02-21 02:52:22 CET.
Flavor | Version | Tinstall | Tcheck | Ttotal | Status | Flags |
---|---|---|---|---|---|---|
r-devel-linux-x86_64-debian-clang | 0.2.4 | 70.71 | 196.34 | 267.05 | OK | |
r-devel-linux-x86_64-debian-gcc | 0.2.4 | 49.27 | 136.28 | 185.55 | OK | |
r-devel-linux-x86_64-fedora-clang | 0.2.4 | 463.61 | OK | |||
r-devel-linux-x86_64-fedora-gcc | 0.2.4 | 447.64 | OK | |||
r-devel-macos-arm64 | 0.2.4 | 158.00 | OK | |||
r-devel-macos-x86_64 | 0.2.4 | 222.00 | OK | |||
r-devel-windows-x86_64 | 0.2.4 | 67.00 | 186.00 | 253.00 | OK | |
r-patched-linux-x86_64 | 0.2.4 | 70.25 | 179.60 | 249.85 | OK | |
r-release-linux-x86_64 | 0.2.4 | 65.92 | 176.91 | 242.83 | OK | |
r-release-macos-arm64 | 0.2.4 | 124.00 | NOTE | |||
r-release-macos-x86_64 | 0.2.4 | 174.00 | NOTE | |||
r-release-windows-x86_64 | 0.2.4 | 72.00 | 183.00 | 255.00 | OK | |
r-oldrel-macos-arm64 | 0.2.4 | 78.00 | NOTE | |||
r-oldrel-macos-x86_64 | 0.2.4 | 130.00 | NOTE | |||
r-oldrel-windows-x86_64 | 0.2.4 | 77.00 | 228.00 | 305.00 | OK |
Version: 0.2.4
Check: installed package size
Result: NOTE
installed size is 6.4Mb
sub-directories of 1Mb or more:
libs 5.4Mb
Flavors: r-release-macos-arm64, r-release-macos-x86_64, r-oldrel-macos-arm64, r-oldrel-macos-x86_64