Last updated on 2025-02-21 02:52:22 CET.
Flavor | Version | Tinstall | Tcheck | Ttotal | Status | Flags |
---|---|---|---|---|---|---|
r-devel-linux-x86_64-debian-clang | 6.5.0-5 | 51.47 | 111.97 | 163.44 | OK | |
r-devel-linux-x86_64-debian-gcc | 6.5.0-5 | 39.30 | 76.16 | 115.46 | OK | |
r-devel-linux-x86_64-fedora-clang | 6.5.0-5 | 306.04 | OK | |||
r-devel-linux-x86_64-fedora-gcc | 6.5.0-5 | 288.06 | OK | |||
r-devel-macos-arm64 | 6.5.0-5 | 68.00 | OK | |||
r-devel-macos-x86_64 | 6.5.0-5 | 122.00 | OK | |||
r-devel-windows-x86_64 | 6.5.0-5 | 63.00 | 156.00 | 219.00 | OK | |
r-patched-linux-x86_64 | 6.5.0-5 | 56.80 | 102.75 | 159.55 | OK | |
r-release-linux-x86_64 | 6.5.0-5 | 56.92 | 102.36 | 159.28 | OK | |
r-release-macos-arm64 | 6.5.0-5 | 66.00 | NOTE | |||
r-release-macos-x86_64 | 6.5.0-5 | 212.00 | NOTE | |||
r-release-windows-x86_64 | 6.5.0-5 | 68.00 | 164.00 | 232.00 | OK | |
r-oldrel-macos-arm64 | 6.5.0-5 | 208.00 | NOTE | |||
r-oldrel-macos-x86_64 | 6.5.0-5 | 276.00 | NOTE | |||
r-oldrel-windows-x86_64 | 6.5.0-5 | 77.00 | 188.00 | 265.00 | OK |
Version: 6.5.0-5
Check: installed package size
Result: NOTE
installed size is 7.6Mb
sub-directories of 1Mb or more:
libs 4.8Mb
Flavors: r-release-macos-arm64, r-release-macos-x86_64, r-oldrel-macos-arm64, r-oldrel-macos-x86_64