Last updated on 2025-02-21 02:52:22 CET.
Flavor | Version | Tinstall | Tcheck | Ttotal | Status | Flags |
---|---|---|---|---|---|---|
r-devel-linux-x86_64-debian-clang | 1.6.0 | 10.09 | 64.35 | 74.44 | OK | |
r-devel-linux-x86_64-debian-gcc | 1.6.0 | 6.14 | 44.05 | 50.19 | OK | |
r-devel-linux-x86_64-fedora-clang | 1.6.0 | 118.06 | OK | |||
r-devel-linux-x86_64-fedora-gcc | 1.6.0 | 109.61 | OK | |||
r-devel-macos-arm64 | 1.6.0 | 34.00 | OK | |||
r-devel-macos-x86_64 | 1.6.0 | 76.00 | OK | |||
r-devel-windows-x86_64 | 1.6.0 | 13.00 | 86.00 | 99.00 | OK | |
r-patched-linux-x86_64 | 1.6.0 | 9.50 | 60.25 | 69.75 | OK | |
r-release-linux-x86_64 | 1.6.0 | 7.56 | 60.10 | 67.66 | OK | |
r-release-macos-arm64 | 1.6.0 | 35.00 | NOTE | |||
r-release-macos-x86_64 | 1.6.0 | 55.00 | NOTE | |||
r-release-windows-x86_64 | 1.6.0 | 14.00 | 84.00 | 98.00 | NOTE | |
r-oldrel-macos-arm64 | 1.6.0 | 35.00 | NOTE | |||
r-oldrel-macos-x86_64 | 1.6.0 | 53.00 | NOTE | |||
r-oldrel-windows-x86_64 | 1.6.0 | 17.00 | 127.00 | 144.00 | NOTE |
Version: 1.6.0
Check: installed package size
Result: NOTE
installed size is 11.4Mb
sub-directories of 1Mb or more:
htmlwidgets 10.0Mb
super-tiny-icons 1.0Mb
Flavors: r-release-macos-arm64, r-release-macos-x86_64, r-release-windows-x86_64, r-oldrel-macos-arm64, r-oldrel-macos-x86_64, r-oldrel-windows-x86_64