Last updated on 2024-05-21 14:57:23 CEST.
Flavor | Version | Tinstall | Tcheck | Ttotal | Status | Flags |
---|---|---|---|---|---|---|
r-devel-linux-x86_64-debian-clang | 0.2.4 | 374.17 | 328.02 | 702.19 | NOTE | |
r-devel-linux-x86_64-debian-gcc | 0.2.4 | 285.48 | 281.51 | 566.99 | NOTE | |
r-devel-linux-x86_64-fedora-clang | 0.2.4 | 880.98 | NOTE | |||
r-devel-linux-x86_64-fedora-gcc | 0.2.4 | 1260.69 | NOTE | |||
r-devel-windows-x86_64 | 0.2.4 | 264.00 | 253.00 | 517.00 | NOTE | |
r-patched-linux-x86_64 | 0.2.4 | 0.02 | 2.59 | 2.61 | ERROR | |
r-release-linux-x86_64 | 0.2.4 | 285.42 | 531.41 | 816.83 | NOTE | |
r-release-macos-arm64 | 0.2.4 | 205.00 | NOTE | |||
r-release-macos-x86_64 | 0.2.4 | 406.00 | NOTE | |||
r-release-windows-x86_64 | 0.2.4 | 266.00 | 233.00 | 499.00 | NOTE | |
r-oldrel-macos-arm64 | 0.2.4 | 150.00 | NOTE | |||
r-oldrel-macos-x86_64 | 0.2.4 | 355.00 | NOTE | |||
r-oldrel-windows-x86_64 | 0.2.4 | 335.00 | 297.00 | 632.00 | NOTE |
Version: 0.2.4
Check: for GNU extensions in Makefiles
Result: NOTE
GNU make is a SystemRequirements.
Flavors: r-devel-linux-x86_64-debian-clang, r-devel-linux-x86_64-debian-gcc, r-devel-linux-x86_64-fedora-clang, r-devel-linux-x86_64-fedora-gcc, r-devel-windows-x86_64, r-release-linux-x86_64, r-release-macos-arm64, r-release-macos-x86_64, r-release-windows-x86_64, r-oldrel-macos-arm64, r-oldrel-macos-x86_64, r-oldrel-windows-x86_64
Version: 0.2.4
Check: dependencies in R code
Result: NOTE
Namespace in Imports field not imported from: ‘rstantools’
All declared Imports should be used.
Flavors: r-devel-linux-x86_64-fedora-clang, r-devel-linux-x86_64-fedora-gcc
Version: 0.2.4
Check: whether package can be installed
Result: ERROR
Installation failed.
Flavor: r-patched-linux-x86_64
Version: 0.2.4
Check: installed package size
Result: NOTE
installed size is 88.7Mb
sub-directories of 1Mb or more:
libs 87.5Mb
Flavors: r-release-macos-arm64, r-release-macos-x86_64, r-oldrel-macos-arm64, r-oldrel-macos-x86_64