CRAN Package Check Results for Package rPackedBar

Last updated on 2025-02-21 02:52:23 CET.

Flavor Version Tinstall Tcheck Ttotal Status Flags
r-devel-linux-x86_64-debian-clang 0.2.2 5.37 48.04 53.41 OK
r-devel-linux-x86_64-debian-gcc 0.2.2 4.04 34.45 38.49 OK
r-devel-linux-x86_64-fedora-clang 0.2.2 87.75 OK
r-devel-linux-x86_64-fedora-gcc 0.2.2 93.51 OK
r-devel-macos-arm64 0.2.2 35.00 OK
r-devel-macos-x86_64 0.2.2 58.00 OK
r-devel-windows-x86_64 0.2.2 7.00 67.00 74.00 OK
r-patched-linux-x86_64 0.2.2 6.03 44.06 50.09 NOTE
r-release-linux-x86_64 0.2.2 5.93 43.99 49.92 NOTE
r-release-macos-arm64 0.2.2 35.00 NOTE
r-release-macos-x86_64 0.2.2 85.00 NOTE
r-release-windows-x86_64 0.2.2 7.00 64.00 71.00 NOTE
r-oldrel-macos-arm64 0.2.2 33.00 NOTE
r-oldrel-macos-x86_64 0.2.2 52.00 NOTE
r-oldrel-windows-x86_64 0.2.2 9.00 71.00 80.00 NOTE

Check Details

Version: 0.2.2
Check: LazyData
Result: NOTE 'LazyData' is specified without a 'data' directory Flavors: r-patched-linux-x86_64, r-release-linux-x86_64, r-release-macos-arm64, r-release-macos-x86_64, r-release-windows-x86_64, r-oldrel-macos-arm64, r-oldrel-macos-x86_64, r-oldrel-windows-x86_64