Last updated on 2025-02-21 02:52:23 CET.
Flavor | Version | Tinstall | Tcheck | Ttotal | Status | Flags |
---|---|---|---|---|---|---|
r-devel-linux-x86_64-debian-clang | 1.3.2-1 | 17.82 | 85.66 | 103.48 | NOTE | |
r-devel-linux-x86_64-debian-gcc | 1.3.2-1 | 10.80 | 57.86 | 68.66 | NOTE | |
r-devel-linux-x86_64-fedora-clang | 1.3.2-1 | 168.23 | NOTE | |||
r-devel-linux-x86_64-fedora-gcc | 1.3.2-1 | 156.51 | NOTE | |||
r-devel-macos-arm64 | 1.3.2-1 | 45.00 | NOTE | |||
r-devel-macos-x86_64 | 1.3.2-1 | 91.00 | NOTE | |||
r-devel-windows-x86_64 | 1.3.2-1 | 17.00 | 131.00 | 148.00 | NOTE | |
r-patched-linux-x86_64 | 1.3.2-1 | 14.07 | 80.15 | 94.22 | NOTE | |
r-release-linux-x86_64 | 1.3.2-1 | 15.03 | 79.37 | 94.40 | NOTE | |
r-release-macos-arm64 | 1.3.2-1 | 46.00 | NOTE | |||
r-release-macos-x86_64 | 1.3.2-1 | 69.00 | NOTE | |||
r-release-windows-x86_64 | 1.3.2-1 | 17.00 | 123.00 | 140.00 | NOTE | |
r-oldrel-macos-arm64 | 1.3.2-1 | 46.00 | NOTE | |||
r-oldrel-macos-x86_64 | 1.3.2-1 | 80.00 | NOTE | |||
r-oldrel-windows-x86_64 | 1.3.2-1 | 23.00 | 145.00 | 168.00 | NOTE |
Version: 1.3.2-1
Check: Rd files
Result: NOTE
checkRd: (-1) as.tg.Rd:18: Lost braces; missing escapes or markup?
18 | Renames the \code{class(tg)["name"]} attribute and sets {class(tg)["type"] <- "TextGrid"} (if it is not already set)
| ^
Flavors: r-devel-linux-x86_64-debian-clang, r-devel-linux-x86_64-debian-gcc, r-devel-linux-x86_64-fedora-clang, r-devel-linux-x86_64-fedora-gcc, r-devel-macos-arm64, r-devel-macos-x86_64, r-devel-windows-x86_64, r-patched-linux-x86_64, r-release-linux-x86_64, r-release-macos-arm64, r-release-macos-x86_64, r-release-windows-x86_64
Version: 1.3.2-1
Check: LazyData
Result: NOTE
'LazyData' is specified without a 'data' directory
Flavors: r-patched-linux-x86_64, r-release-linux-x86_64, r-release-macos-arm64, r-release-macos-x86_64, r-release-windows-x86_64, r-oldrel-macos-arm64, r-oldrel-macos-x86_64, r-oldrel-windows-x86_64