Last updated on 2025-02-21 02:52:22 CET.
Flavor | Version | Tinstall | Tcheck | Ttotal | Status | Flags |
---|---|---|---|---|---|---|
r-devel-linux-x86_64-debian-clang | 0.3.3 | 5.01 | 38.54 | 43.55 | NOTE | |
r-devel-linux-x86_64-debian-gcc | 0.3.3 | 3.36 | 28.77 | 32.13 | NOTE | |
r-devel-linux-x86_64-fedora-clang | 0.3.3 | 67.90 | NOTE | |||
r-devel-linux-x86_64-fedora-gcc | 0.3.3 | 64.84 | NOTE | |||
r-devel-macos-arm64 | 0.3.3 | 26.00 | OK | |||
r-devel-macos-x86_64 | 0.3.3 | 41.00 | NOTE | |||
r-devel-windows-x86_64 | 0.3.3 | 7.00 | 61.00 | 68.00 | NOTE | |
r-patched-linux-x86_64 | 0.3.3 | 4.72 | 35.90 | 40.62 | OK | |
r-release-linux-x86_64 | 0.3.3 | 4.63 | 35.76 | 40.39 | OK | |
r-release-macos-arm64 | 0.3.3 | 22.00 | OK | |||
r-release-macos-x86_64 | 0.3.3 | 44.00 | OK | |||
r-release-windows-x86_64 | 0.3.3 | 6.00 | 65.00 | 71.00 | OK | |
r-oldrel-macos-arm64 | 0.3.3 | 28.00 | OK | |||
r-oldrel-macos-x86_64 | 0.3.3 | 54.00 | OK | |||
r-oldrel-windows-x86_64 | 0.3.3 | 9.00 | 62.00 | 71.00 | OK |
Version: 0.3.3
Check: DESCRIPTION meta-information
Result: NOTE
Missing dependency on R >= 4.1.0 because package code uses the pipe
|> or function shorthand \(...) syntax added in R 4.1.0.
File(s) using such syntax:
‘ao_get_leaners_progress_by_course.R’
Flavors: r-devel-linux-x86_64-debian-clang, r-devel-linux-x86_64-debian-gcc, r-devel-linux-x86_64-fedora-clang, r-devel-linux-x86_64-fedora-gcc, r-devel-macos-x86_64, r-devel-windows-x86_64