Last updated on 2025-05-08 02:51:06 CEST.
Flavor | Version | Tinstall | Tcheck | Ttotal | Status | Flags |
---|---|---|---|---|---|---|
r-devel-linux-x86_64-debian-clang | 1.0.0 | 6.55 | 49.46 | 56.01 | NOTE | |
r-devel-linux-x86_64-debian-gcc | 1.0.0 | 4.62 | 35.21 | 39.83 | NOTE | |
r-devel-linux-x86_64-fedora-clang | 1.0.0 | 87.07 | OK | |||
r-devel-linux-x86_64-fedora-gcc | 1.0.0 | 91.25 | OK | |||
r-devel-windows-x86_64 | 1.0.0 | 7.00 | 63.00 | 70.00 | OK | |
r-patched-linux-x86_64 | 1.0.0 | 6.42 | 47.09 | 53.51 | OK | |
r-release-linux-x86_64 | 1.0.0 | 6.04 | 46.75 | 52.79 | OK | |
r-release-macos-arm64 | 1.0.0 | 27.00 | OK | |||
r-release-macos-x86_64 | 1.0.0 | 45.00 | OK | |||
r-release-windows-x86_64 | 1.0.0 | 8.00 | 66.00 | 74.00 | OK | |
r-oldrel-macos-arm64 | 1.0.0 | 27.00 | NOTE | |||
r-oldrel-macos-x86_64 | 1.0.0 | 39.00 | NOTE | |||
r-oldrel-windows-x86_64 | 1.0.0 | 10.00 | 76.00 | 86.00 | NOTE |
Version: 1.0.0
Check: CRAN incoming feasibility
Result: NOTE
Maintainer: ‘Kory D. Johnson <korydjohnson@gmail.com>’
The Description field contains
<arXiv:1510.06322>.
Please refer to arXiv e-prints via their arXiv DOI <doi:10.48550/arXiv.YYMM.NNNNN>.
Flavors: r-devel-linux-x86_64-debian-clang, r-devel-linux-x86_64-debian-gcc
Version: 1.0.0
Check: LazyData
Result: NOTE
'LazyData' is specified without a 'data' directory
Flavors: r-oldrel-macos-arm64, r-oldrel-macos-x86_64, r-oldrel-windows-x86_64