Last updated on 2024-05-21 14:57:21 CEST.
Flavor | Version | Tinstall | Tcheck | Ttotal | Status | Flags |
---|---|---|---|---|---|---|
r-devel-linux-x86_64-debian-clang | 1.0.3 | 8.62 | 90.47 | 99.09 | NOTE | |
r-devel-linux-x86_64-debian-gcc | 1.0.3 | 9.05 | 65.60 | 74.65 | NOTE | |
r-devel-linux-x86_64-fedora-clang | 1.0.3 | 127.83 | NOTE | |||
r-devel-linux-x86_64-fedora-gcc | 1.0.3 | 116.18 | NOTE | |||
r-devel-windows-x86_64 | 1.0.3 | 10.00 | 78.00 | 88.00 | NOTE | |
r-patched-linux-x86_64 | 1.0.3 | 9.88 | 85.13 | 95.01 | NOTE | |
r-release-linux-x86_64 | 1.0.3 | 7.71 | 85.18 | 92.89 | NOTE | |
r-release-macos-arm64 | 1.0.3 | 38.00 | NOTE | |||
r-release-windows-x86_64 | 1.0.3 | 10.00 | 79.00 | 89.00 | NOTE | |
r-oldrel-macos-arm64 | 1.0.3 | 39.00 | NOTE | |||
r-oldrel-macos-x86_64 | 1.0.3 | 63.00 | NOTE | |||
r-oldrel-windows-x86_64 | 1.0.3 | 12.00 | 93.00 | 105.00 | NOTE |
Version: 1.0.3
Check: LazyData
Result: NOTE
'LazyData' is specified without a 'data' directory
Flavors: r-devel-linux-x86_64-debian-clang, r-devel-linux-x86_64-debian-gcc, r-devel-linux-x86_64-fedora-clang, r-devel-linux-x86_64-fedora-gcc, r-devel-windows-x86_64, r-patched-linux-x86_64, r-release-linux-x86_64, r-release-macos-arm64, r-release-windows-x86_64, r-oldrel-macos-arm64, r-oldrel-macos-x86_64, r-oldrel-windows-x86_64