Last updated on 2025-02-20 14:51:05 CET.
Flavor | Version | Tinstall | Tcheck | Ttotal | Status | Flags |
---|---|---|---|---|---|---|
r-devel-linux-x86_64-debian-clang | 0.3.1.1 | 22.19 | 155.94 | 178.13 | OK | |
r-devel-linux-x86_64-debian-gcc | 0.3.1.1 | 15.43 | 112.34 | 127.77 | OK | |
r-devel-linux-x86_64-fedora-clang | 0.3.1.1 | 294.06 | OK | |||
r-devel-linux-x86_64-fedora-gcc | 0.3.1.1 | 308.13 | OK | |||
r-devel-macos-arm64 | 0.3.1.1 | 87.00 | OK | |||
r-devel-macos-x86_64 | 0.3.1.1 | 219.00 | OK | |||
r-devel-windows-x86_64 | 0.3.1.1 | 24.00 | 169.00 | 193.00 | OK | |
r-patched-linux-x86_64 | 0.3.1.1 | 19.90 | 145.29 | 165.19 | OK | |
r-release-linux-x86_64 | 0.3.1.1 | 21.36 | 143.91 | 165.27 | OK | |
r-release-macos-arm64 | 0.3.1.1 | 87.00 | OK | |||
r-release-macos-x86_64 | 0.3.1.1 | 129.00 | OK | |||
r-release-windows-x86_64 | 0.3.1.1 | 27.00 | 166.00 | 193.00 | OK | |
r-oldrel-macos-arm64 | 0.3.1.1 | 93.00 | OK | |||
r-oldrel-macos-x86_64 | 0.3.1.1 | 152.00 | NOTE | |||
r-oldrel-windows-x86_64 | 0.3.1.1 | 31.00 | 198.00 | 229.00 | OK |
Version: 0.3.1.1
Check: package dependencies
Result: NOTE
Package suggested but not available for checking: ‘quanteda.textmodels’
Flavor: r-oldrel-macos-x86_64