Last updated on 2025-02-18 02:50:46 CET.
Flavor | Version | Tinstall | Tcheck | Ttotal | Status | Flags |
---|---|---|---|---|---|---|
r-devel-linux-x86_64-debian-clang | 0.3.3 | 1.97 | 24.81 | 26.78 | NOTE | |
r-devel-linux-x86_64-debian-gcc | 0.3.3 | 1.71 | 19.18 | 20.89 | NOTE | |
r-devel-linux-x86_64-fedora-clang | 0.3.3 | 46.75 | OK | |||
r-devel-linux-x86_64-fedora-gcc | 0.3.3 | 59.52 | OK | |||
r-devel-macos-arm64 | 0.3.3 | 26.00 | OK | |||
r-devel-macos-x86_64 | 0.3.3 | 45.00 | OK | |||
r-devel-windows-x86_64 | 0.3.3 | 4.00 | 51.00 | 55.00 | NOTE | |
r-patched-linux-x86_64 | 0.3.3 | 2.57 | 23.56 | 26.13 | OK | |
r-release-linux-x86_64 | 0.3.3 | 2.14 | 23.30 | 25.44 | OK | |
r-release-macos-arm64 | 0.3.3 | 34.00 | OK | |||
r-release-macos-x86_64 | 0.3.3 | 39.00 | OK | |||
r-release-windows-x86_64 | 0.3.3 | 5.00 | 58.00 | 63.00 | OK | |
r-oldrel-macos-arm64 | 0.3.3 | 26.00 | OK | |||
r-oldrel-macos-x86_64 | 0.3.3 | 37.00 | OK | |||
r-oldrel-windows-x86_64 | 0.3.3 | 4.00 | 61.00 | 65.00 | OK |
Version: 0.3.3
Check: Rd cross-references
Result: NOTE
Found the following Rd file(s) with Rd \link{} targets missing package
anchors:
matrix_rank.Rd: rankMatrix, Matrix
Please provide package anchors for all Rd \link{} targets not in the
package itself and the base packages.
Flavors: r-devel-linux-x86_64-debian-clang, r-devel-linux-x86_64-debian-gcc, r-devel-windows-x86_64