CRAN Package Check Results for Package rando

Last updated on 2025-02-21 02:52:22 CET.

Flavor Version Tinstall Tcheck Ttotal Status Flags
r-devel-linux-x86_64-debian-clang 0.2.0 4.46 59.68 64.14 OK
r-devel-linux-x86_64-debian-gcc 0.2.0 2.81 42.68 45.49 OK
r-devel-linux-x86_64-fedora-clang 0.2.0 98.55 OK
r-devel-linux-x86_64-fedora-gcc 0.2.0 93.15 OK
r-devel-macos-arm64 0.2.0 33.00 OK
r-devel-macos-x86_64 0.2.0 65.00 OK
r-devel-windows-x86_64 0.2.0 5.00 82.00 87.00 OK
r-patched-linux-x86_64 0.2.0 4.63 55.04 59.67 NOTE
r-release-linux-x86_64 0.2.0 4.09 54.63 58.72 NOTE
r-release-macos-arm64 0.2.0 32.00 NOTE
r-release-macos-x86_64 0.2.0 52.00 NOTE
r-release-windows-x86_64 0.2.0 6.00 79.00 85.00 NOTE
r-oldrel-macos-arm64 0.2.0 34.00 NOTE
r-oldrel-macos-x86_64 0.2.0 50.00 NOTE
r-oldrel-windows-x86_64 0.2.0 7.00 88.00 95.00 NOTE

Check Details

Version: 0.2.0
Check: LazyData
Result: NOTE 'LazyData' is specified without a 'data' directory Flavors: r-patched-linux-x86_64, r-release-linux-x86_64, r-release-macos-arm64, r-release-macos-x86_64, r-release-windows-x86_64, r-oldrel-macos-arm64, r-oldrel-macos-x86_64, r-oldrel-windows-x86_64