Last updated on 2025-02-21 02:52:22 CET.
Flavor | Version | Tinstall | Tcheck | Ttotal | Status | Flags |
---|---|---|---|---|---|---|
r-devel-linux-x86_64-debian-clang | 1.0.0 | 4.45 | 61.21 | 65.66 | NOTE | |
r-devel-linux-x86_64-debian-gcc | 1.0.0 | 3.57 | 40.69 | 44.26 | NOTE | |
r-devel-linux-x86_64-fedora-clang | 1.0.0 | 104.54 | NOTE | |||
r-devel-linux-x86_64-fedora-gcc | 1.0.0 | 113.41 | NOTE | |||
r-devel-macos-arm64 | 1.0.0 | 39.00 | NOTE | |||
r-devel-macos-x86_64 | 1.0.0 | 74.00 | NOTE | |||
r-devel-windows-x86_64 | 1.0.0 | 7.00 | 84.00 | 91.00 | NOTE | |
r-patched-linux-x86_64 | 1.0.0 | 5.64 | 57.10 | 62.74 | OK | |
r-release-linux-x86_64 | 1.0.0 | 4.00 | 57.85 | 61.85 | OK | |
r-release-macos-arm64 | 1.0.0 | 32.00 | OK | |||
r-release-macos-x86_64 | 1.0.0 | 59.00 | OK | |||
r-release-windows-x86_64 | 1.0.0 | 9.00 | 85.00 | 94.00 | OK | |
r-oldrel-macos-arm64 | 1.0.0 | 42.00 | OK | |||
r-oldrel-macos-x86_64 | 1.0.0 | 83.00 | OK | |||
r-oldrel-windows-x86_64 | 1.0.0 | 8.00 | 100.00 | 108.00 | OK |
Version: 1.0.0
Check: compiled code
Result: NOTE
File ‘randomizr/libs/randomizr.so’:
Found non-API call to R: ‘SETLENGTH’
Compiled code should not call non-API entry points in R.
See ‘Writing portable packages’ in the ‘Writing R Extensions’ manual,
and section ‘Moving into C API compliance’ for issues with the use of
non-API entry points.
Flavors: r-devel-linux-x86_64-debian-clang, r-devel-linux-x86_64-debian-gcc, r-devel-linux-x86_64-fedora-clang, r-devel-linux-x86_64-fedora-gcc, r-devel-macos-arm64, r-devel-macos-x86_64
Version: 1.0.0
Check: compiled code
Result: NOTE
File 'randomizr/libs/x64/randomizr.dll':
Found non-API call to R: 'SETLENGTH'
Compiled code should not call non-API entry points in R.
See 'Writing portable packages' in the 'Writing R Extensions' manual,
and section 'Moving into C API compliance' for issues with the use of
non-API entry points.
Flavor: r-devel-windows-x86_64