Last updated on 2025-02-20 14:51:05 CET.
Flavor | Version | Tinstall | Tcheck | Ttotal | Status | Flags |
---|---|---|---|---|---|---|
r-devel-linux-x86_64-debian-clang | 0.17.0 | 79.38 | 88.97 | 168.35 | OK | |
r-devel-linux-x86_64-debian-gcc | 0.17.0 | 63.15 | 66.08 | 129.23 | OK | |
r-devel-linux-x86_64-fedora-clang | 0.17.0 | 301.37 | OK | |||
r-devel-linux-x86_64-fedora-gcc | 0.17.0 | 298.33 | OK | |||
r-devel-macos-arm64 | 0.17.0 | 77.00 | OK | |||
r-devel-macos-x86_64 | 0.17.0 | 139.00 | OK | |||
r-devel-windows-x86_64 | 0.17.0 | 92.00 | 134.00 | 226.00 | OK | |
r-patched-linux-x86_64 | 0.17.0 | 87.37 | 83.59 | 170.96 | OK | |
r-release-linux-x86_64 | 0.17.0 | 88.10 | 83.74 | 171.84 | OK | |
r-release-macos-arm64 | 0.17.0 | 79.00 | NOTE | |||
r-release-macos-x86_64 | 0.17.0 | 135.00 | NOTE | |||
r-release-windows-x86_64 | 0.17.0 | 89.00 | 129.00 | 218.00 | WARN | |
r-oldrel-macos-arm64 | 0.17.0 | 74.00 | NOTE | |||
r-oldrel-macos-x86_64 | 0.17.0 | 127.00 | NOTE | |||
r-oldrel-windows-x86_64 | 0.17.0 | 107.00 | 209.00 | 316.00 | OK |
Version: 0.17.0
Check: installed package size
Result: NOTE
installed size is 8.0Mb
sub-directories of 1Mb or more:
libs 7.7Mb
Flavors: r-release-macos-arm64, r-release-macos-x86_64, r-oldrel-macos-arm64, r-oldrel-macos-x86_64
Version: 0.17.0
Check: for unstated dependencies in ‘tests’
Result: WARN
Warning: unable to access index for repository https://bioconductor.statistik.tu-dortmund.de/3.20/bioc/src/contrib:
cannot open URL 'https://bioconductor.statistik.tu-dortmund.de/3.20/bioc/src/contrib/PACKAGES'
Warning: unable to access index for repository https://bioconductor.statistik.tu-dortmund.de/3.20/data/annotation/src/contrib:
cannot open URL 'https://bioconductor.statistik.tu-dortmund.de/3.20/data/annotation/src/contrib/PACKAGES'
Warning: unable to access index for repository https://bioconductor.statistik.tu-dortmund.de/3.20/data/experiment/src/contrib:
cannot open URL 'https://bioconductor.statistik.tu-dortmund.de/3.20/data/experiment/src/contrib/PACKAGES'
Flavor: r-release-windows-x86_64