Last updated on 2024-06-14 02:54:14 CEST.
Flavor | Version | Tinstall | Tcheck | Ttotal | Status | Flags |
---|---|---|---|---|---|---|
r-devel-linux-x86_64-debian-clang | 1.0.0 | 123.27 | 128.25 | 251.52 | OK | |
r-devel-linux-x86_64-debian-gcc | 1.0.0 | 0.35 | 1.74 | 2.09 | ERROR | |
r-devel-linux-x86_64-fedora-clang | 1.0.0 | 331.71 | OK | |||
r-devel-linux-x86_64-fedora-gcc | 1.0.0 | 364.65 | OK | |||
r-devel-windows-x86_64 | 1.0.0 | 91.00 | 142.00 | 233.00 | OK | |
r-patched-linux-x86_64 | 1.0.0 | 86.69 | 120.85 | 207.54 | OK | |
r-release-linux-x86_64 | 1.0.0 | 87.91 | 122.66 | 210.57 | OK | |
r-release-macos-arm64 | 1.0.0 | 88.00 | NOTE | |||
r-release-macos-x86_64 | 1.0.0 | 127.00 | NOTE | |||
r-release-windows-x86_64 | 1.0.0 | 94.00 | 141.00 | 235.00 | OK | |
r-oldrel-macos-arm64 | 1.0.0 | 97.00 | NOTE | |||
r-oldrel-macos-x86_64 | 1.0.0 | 224.00 | NOTE | |||
r-oldrel-windows-x86_64 | 1.0.0 | 115.00 | 169.00 | 284.00 | OK |
Version: 1.0.0
Check: package dependencies
Result: ERROR
Package required but not available: ‘qspray’
Package suggested but not available for checking: ‘testthat’
See section ‘The DESCRIPTION file’ in the ‘Writing R Extensions’
manual.
Flavor: r-devel-linux-x86_64-debian-gcc
Version: 1.0.0
Check: installed package size
Result: NOTE
installed size is 23.4Mb
sub-directories of 1Mb or more:
libs 22.7Mb
Flavors: r-release-macos-arm64, r-release-macos-x86_64, r-oldrel-macos-arm64, r-oldrel-macos-x86_64