Last updated on 2025-02-20 14:51:05 CET.
Flavor | Version | Tinstall | Tcheck | Ttotal | Status | Flags |
---|---|---|---|---|---|---|
r-devel-linux-x86_64-debian-clang | 0.3.2 | 61.06 | 58.94 | 120.00 | OK | |
r-devel-linux-x86_64-debian-gcc | 0.3.2 | 44.27 | 40.19 | 84.46 | OK | |
r-devel-linux-x86_64-fedora-clang | 0.3.2 | 255.43 | OK | |||
r-devel-linux-x86_64-fedora-gcc | 0.3.2 | 204.90 | OK | |||
r-devel-macos-arm64 | 0.3.2 | 62.00 | OK | |||
r-devel-macos-x86_64 | 0.3.2 | 122.00 | OK | |||
r-devel-windows-x86_64 | 0.3.2 | 90.00 | 103.00 | 193.00 | OK | |
r-patched-linux-x86_64 | 0.3.2 | 58.99 | 54.68 | 113.67 | OK | |
r-release-linux-x86_64 | 0.3.2 | 61.76 | 54.44 | 116.20 | OK | |
r-release-macos-arm64 | 0.3.2 | 61.00 | NOTE | |||
r-release-macos-x86_64 | 0.3.2 | 94.00 | NOTE | |||
r-release-windows-x86_64 | 0.3.2 | 94.00 | 101.00 | 195.00 | OK | |
r-oldrel-macos-arm64 | 0.3.2 | 67.00 | NOTE | |||
r-oldrel-macos-x86_64 | 0.3.2 | 105.00 | NOTE | |||
r-oldrel-windows-x86_64 | 0.3.2 | 103.00 | 124.00 | 227.00 | OK |
Version: 0.3.2
Check: installed package size
Result: NOTE
installed size is 5.4Mb
sub-directories of 1Mb or more:
extdata 1.1Mb
libs 3.8Mb
Flavors: r-release-macos-arm64, r-release-macos-x86_64, r-oldrel-macos-arm64, r-oldrel-macos-x86_64
Version: 0.3.2
Check: for GNU extensions in Makefiles
Result: NOTE
GNU make is a SystemRequirements.
Flavors: r-release-macos-arm64, r-release-macos-x86_64, r-oldrel-macos-arm64, r-oldrel-macos-x86_64