Last updated on 2025-02-21 02:52:22 CET.
Flavor | Version | Tinstall | Tcheck | Ttotal | Status | Flags |
---|---|---|---|---|---|---|
r-devel-linux-x86_64-debian-clang | 1.2.1 | 392.99 | 191.60 | 584.59 | OK | |
r-devel-linux-x86_64-debian-gcc | 1.2.1 | 340.58 | 163.33 | 503.91 | OK | |
r-devel-linux-x86_64-fedora-clang | 1.2.1 | 9.82 | ERROR | |||
r-devel-linux-x86_64-fedora-gcc | 1.2.1 | 1118.19 | OK | |||
r-devel-macos-arm64 | 1.2.1 | 264.00 | OK | |||
r-devel-macos-x86_64 | 1.2.1 | 341.00 | OK | |||
r-devel-windows-x86_64 | 1.2.1 | 341.00 | 230.00 | 571.00 | OK | |
r-patched-linux-x86_64 | 1.2.1 | 430.30 | 214.48 | 644.78 | NOTE | |
r-release-linux-x86_64 | 1.2.1 | 414.06 | 215.04 | 629.10 | NOTE | |
r-release-macos-arm64 | 1.2.1 | 132.00 | NOTE | |||
r-release-macos-x86_64 | 1.2.1 | 165.00 | NOTE | |||
r-release-windows-x86_64 | 1.2.1 | 354.00 | 228.00 | 582.00 | NOTE | |
r-oldrel-macos-arm64 | 1.2.1 | 174.00 | NOTE | |||
r-oldrel-macos-x86_64 | 1.2.1 | 184.00 | NOTE | |||
r-oldrel-windows-x86_64 | 1.2.1 | 451.00 | 259.00 | 710.00 | NOTE |
Version: 1.2.1
Check: whether package can be installed
Result: ERROR
Installation failed.
Flavor: r-devel-linux-x86_64-fedora-clang
Version: 1.2.1
Check: for GNU extensions in Makefiles
Result: NOTE
GNU make is a SystemRequirements.
Flavors: r-patched-linux-x86_64, r-release-linux-x86_64, r-release-macos-arm64, r-release-macos-x86_64, r-release-windows-x86_64, r-oldrel-macos-arm64, r-oldrel-macos-x86_64, r-oldrel-windows-x86_64
Version: 1.2.1
Check: installed package size
Result: NOTE
installed size is 66.1Mb
sub-directories of 1Mb or more:
libs 65.5Mb
Flavors: r-release-macos-arm64, r-release-macos-x86_64, r-oldrel-macos-arm64, r-oldrel-macos-x86_64